{"id":6442,"date":"2025-07-10T08:29:00","date_gmt":"2025-07-10T06:29:00","guid":{"rendered":"https:\/\/chloedelaume.net\/?page_id=6442"},"modified":"2025-07-10T08:29:00","modified_gmt":"2025-07-10T06:29:00","slug":"ils-appellent-ca-lamour","status":"publish","type":"page","link":"https:\/\/chloedelaume.net\/?page_id=6442","title":{"rendered":"Ils appellent \u00e7a l&rsquo;amour"},"content":{"rendered":"<p><img loading=\"lazy\" decoding=\"async\" class=\"size-medium wp-image-6443 alignleft\" src=\"https:\/\/chloedelaume.net\/wp-content\/uploads\/2025\/07\/ils-appellent-ca-l-amour-205x300.jpg\" alt=\"\" width=\"205\" height=\"300\" srcset=\"https:\/\/chloedelaume.net\/wp-content\/uploads\/2025\/07\/ils-appellent-ca-l-amour-205x300.jpg 205w, https:\/\/chloedelaume.net\/wp-content\/uploads\/2025\/07\/ils-appellent-ca-l-amour-100x146.jpg 100w, https:\/\/chloedelaume.net\/wp-content\/uploads\/2025\/07\/ils-appellent-ca-l-amour.jpg 400w\" sizes=\"auto, (max-width: 205px) 100vw, 205px\" \/>Parce qu\u2019elle a laiss\u00e9 ses amies organiser leur escapade durant ce week-end de trois jours, Clotilde se retrouve dans une ville qu\u2019elle avait ray\u00e9e de la carte. Ici, il y a vingt ans, elle a v\u00e9cu avec Monsieur, un homme qui fit d\u2019elle sa Madame sous pr\u00e9texte de lui faire du bien. C&rsquo;est ainsi que Clotilde se d\u00e9pouilla d&rsquo;elle-m\u00eame, jusqu&rsquo;\u00e0 devenir un simple objet, mais un objet d&rsquo;amour.<\/p>\n<p class=\"text-align-justify\">De son assujettissement d\u2019alors, Clotilde a encore honte, et elle a beaucoup de mal \u00e0 se d\u00e9coudre la bouche pour reconna\u00eetre les faits. La preuve : ni Ad\u00e9la\u00efde, ni Judith, ni B\u00e9rang\u00e8re, ni Hermeline ne connaissent cette histoire, et aucune ne se doute qu\u2019\u00e0 deux rues de leur location, dans son immense maison, habite toujours Monsieur.\u00a0Clotilde se demande si lib\u00e9rer sa parole pourrait aider la honte \u00e0 enfin changer de camp.<\/p>\n","protected":false},"excerpt":{"rendered":"<p>Parce qu\u2019elle a laiss\u00e9 ses amies organiser leur escapade durant ce week-end de trois jours, Clotilde se retrouve dans une ville qu\u2019elle avait ray\u00e9e de la carte. Ici, il y a vingt ans, elle a v\u00e9cu avec Monsieur, un homme &hellip; <a href=\"https:\/\/chloedelaume.net\/?page_id=6442\">Continuer la lecture <span class=\"meta-nav\">&rarr;<\/span><\/a><\/p>\n","protected":false},"author":2,"featured_media":0,"parent":5269,"menu_order":0,"comment_status":"closed","ping_status":"closed","template":"","meta":{"jetpack_post_was_ever_published":false,"footnotes":""},"class_list":["post-6442","page","type-page","status-publish","hentry"],"jetpack_sharing_enabled":true,"jetpack_shortlink":"https:\/\/wp.me\/P3Xt8S-1FU","_links":{"self":[{"href":"https:\/\/chloedelaume.net\/index.php?rest_route=\/wp\/v2\/pages\/6442","targetHints":{"allow":["GET"]}}],"collection":[{"href":"https:\/\/chloedelaume.net\/index.php?rest_route=\/wp\/v2\/pages"}],"about":[{"href":"https:\/\/chloedelaume.net\/index.php?rest_route=\/wp\/v2\/types\/page"}],"author":[{"embeddable":true,"href":"https:\/\/chloedelaume.net\/index.php?rest_route=\/wp\/v2\/users\/2"}],"replies":[{"embeddable":true,"href":"https:\/\/chloedelaume.net\/index.php?rest_route=%2Fwp%2Fv2%2Fcomments&post=6442"}],"version-history":[{"count":1,"href":"https:\/\/chloedelaume.net\/index.php?rest_route=\/wp\/v2\/pages\/6442\/revisions"}],"predecessor-version":[{"id":6444,"href":"https:\/\/chloedelaume.net\/index.php?rest_route=\/wp\/v2\/pages\/6442\/revisions\/6444"}],"up":[{"embeddable":true,"href":"https:\/\/chloedelaume.net\/index.php?rest_route=\/wp\/v2\/pages\/5269"}],"wp:attachment":[{"href":"https:\/\/chloedelaume.net\/index.php?rest_route=%2Fwp%2Fv2%2Fmedia&parent=6442"}],"curies":[{"name":"wp","href":"https:\/\/api.w.org\/{rel}","templated":true}]}}