{"id":6362,"date":"2024-03-17T22:55:35","date_gmt":"2024-03-17T21:55:35","guid":{"rendered":"https:\/\/chloedelaume.net\/?page_id=6362"},"modified":"2024-03-17T23:04:04","modified_gmt":"2024-03-17T22:04:04","slug":"phallers","status":"publish","type":"page","link":"https:\/\/chloedelaume.net\/?page_id=6362","title":{"rendered":"Phallers"},"content":{"rendered":"<p><img loading=\"lazy\" decoding=\"async\" class=\"size-medium wp-image-6363 alignleft\" src=\"https:\/\/chloedelaume.net\/wp-content\/uploads\/2024\/03\/153039-phallers-crg-bande-182x300.jpg\" alt=\"\" width=\"182\" height=\"300\" srcset=\"https:\/\/chloedelaume.net\/wp-content\/uploads\/2024\/03\/153039-phallers-crg-bande-182x300.jpg 182w, https:\/\/chloedelaume.net\/wp-content\/uploads\/2024\/03\/153039-phallers-crg-bande-620x1024.jpg 620w, https:\/\/chloedelaume.net\/wp-content\/uploads\/2024\/03\/153039-phallers-crg-bande-768x1269.jpg 768w, https:\/\/chloedelaume.net\/wp-content\/uploads\/2024\/03\/153039-phallers-crg-bande-930x1536.jpg 930w, https:\/\/chloedelaume.net\/wp-content\/uploads\/2024\/03\/153039-phallers-crg-bande-1240x2048.jpg 1240w, https:\/\/chloedelaume.net\/wp-content\/uploads\/2024\/03\/153039-phallers-crg-bande.jpg 1275w\" sizes=\"auto, (max-width: 182px) 100vw, 182px\" \/>Comment cela a \u00e9t\u00e9 rendu possible, personne n\u2019en sait rien ; c\u2019est en train d\u2019arriver, c\u2019est tout.<\/p>\n<p>Ainsi, tr\u00e8s soudainement, un certain nombre de filles et de femmes ont la capacit\u00e9 psychique de faire imploser les phallus.<br \/>\nCes super-h\u00e9ro\u00efnes d\u2019un genre particulier ont pour nom les Phallers.<\/p>\n<p>Violette a dix-sept ans et se serait bien pass\u00e9e de cet<br \/>\n\u00e9trange pouvoir. Mais elle aimerait, comme toutes,<br \/>\napporter une r\u00e9ponse \u00e0 cette question cruciale qui<br \/>\nhante notre soci\u00e9t\u00e9 : comment fait-on pour que les hommes cessent de violer ?<\/p>\n","protected":false},"excerpt":{"rendered":"<p>Comment cela a \u00e9t\u00e9 rendu possible, personne n\u2019en sait rien ; c\u2019est en train d\u2019arriver, c\u2019est tout. Ainsi, tr\u00e8s soudainement, un certain nombre de filles et de femmes ont la capacit\u00e9 psychique de faire imploser les phallus. Ces super-h\u00e9ro\u00efnes d\u2019un &hellip; <a href=\"https:\/\/chloedelaume.net\/?page_id=6362\">Continuer la lecture <span class=\"meta-nav\">&rarr;<\/span><\/a><\/p>\n","protected":false},"author":2,"featured_media":0,"parent":5269,"menu_order":0,"comment_status":"closed","ping_status":"closed","template":"","meta":{"jetpack_post_was_ever_published":false,"footnotes":""},"class_list":["post-6362","page","type-page","status-publish","hentry"],"jetpack_sharing_enabled":true,"jetpack_shortlink":"https:\/\/wp.me\/P3Xt8S-1EC","_links":{"self":[{"href":"https:\/\/chloedelaume.net\/index.php?rest_route=\/wp\/v2\/pages\/6362","targetHints":{"allow":["GET"]}}],"collection":[{"href":"https:\/\/chloedelaume.net\/index.php?rest_route=\/wp\/v2\/pages"}],"about":[{"href":"https:\/\/chloedelaume.net\/index.php?rest_route=\/wp\/v2\/types\/page"}],"author":[{"embeddable":true,"href":"https:\/\/chloedelaume.net\/index.php?rest_route=\/wp\/v2\/users\/2"}],"replies":[{"embeddable":true,"href":"https:\/\/chloedelaume.net\/index.php?rest_route=%2Fwp%2Fv2%2Fcomments&post=6362"}],"version-history":[{"count":5,"href":"https:\/\/chloedelaume.net\/index.php?rest_route=\/wp\/v2\/pages\/6362\/revisions"}],"predecessor-version":[{"id":6371,"href":"https:\/\/chloedelaume.net\/index.php?rest_route=\/wp\/v2\/pages\/6362\/revisions\/6371"}],"up":[{"embeddable":true,"href":"https:\/\/chloedelaume.net\/index.php?rest_route=\/wp\/v2\/pages\/5269"}],"wp:attachment":[{"href":"https:\/\/chloedelaume.net\/index.php?rest_route=%2Fwp%2Fv2%2Fmedia&parent=6362"}],"curies":[{"name":"wp","href":"https:\/\/api.w.org\/{rel}","templated":true}]}}