{"id":6140,"date":"2023-06-08T05:28:30","date_gmt":"2023-06-08T03:28:30","guid":{"rendered":"https:\/\/chloedelaume.net\/?page_id=6140"},"modified":"2023-06-08T05:45:01","modified_gmt":"2023-06-08T03:45:01","slug":"pauvre-folle","status":"publish","type":"page","link":"https:\/\/chloedelaume.net\/?page_id=6140","title":{"rendered":"Pauvre folle"},"content":{"rendered":"<p><img loading=\"lazy\" decoding=\"async\" class=\"size-medium wp-image-6141 alignleft\" src=\"https:\/\/chloedelaume.net\/wp-content\/uploads\/2023\/06\/pauvre-folle-205x300.jpg\" alt=\"\" width=\"205\" height=\"300\" srcset=\"https:\/\/chloedelaume.net\/wp-content\/uploads\/2023\/06\/pauvre-folle-205x300.jpg 205w, https:\/\/chloedelaume.net\/wp-content\/uploads\/2023\/06\/pauvre-folle-700x1024.jpg 700w, https:\/\/chloedelaume.net\/wp-content\/uploads\/2023\/06\/pauvre-folle-768x1124.jpg 768w, https:\/\/chloedelaume.net\/wp-content\/uploads\/2023\/06\/pauvre-folle-1049x1536.jpg 1049w, https:\/\/chloedelaume.net\/wp-content\/uploads\/2023\/06\/pauvre-folle-1399x2048.jpg 1399w, https:\/\/chloedelaume.net\/wp-content\/uploads\/2023\/06\/pauvre-folle.jpg 1654w\" sizes=\"auto, (max-width: 205px) 100vw, 205px\" \/>Dans toutes les histoires d\u2019amour se rejouent les blessures de l\u2019enfance&nbsp;: on gu\u00e9rit ou on creuse ses plaies. Pour comprendre la nature de sa relation avec Guillaume, Clotilde M\u00e9lisse observe les souvenirs qu\u2019elle sort de sa t\u00eate, le temps d\u2019un voyage en train direction Heidelberg.<\/p>\n<p>Tandis que par la fen\u00eatre d\u00e9filent des paysages de fin du monde, Clotilde revient sur les \u00e9v\u00e8nements saillants de son existence. La d\u00e9couverte de la po\u00e9sie dans la biblioth\u00e8que maternelle, le f\u00e9minicide parental, l\u2019adolescence et ses pulsions suicidaires, le diagnostic pos\u00e9 sur sa bipolarit\u00e9. Sa rencontre, dix ans plus t\u00f4t, avec Guillaume, leur lien \u00e9pistolaire qui tenait de l\u2019addiction, l\u2019implosion de leur idylle au contact du r\u00e9el.<\/p>\n<p>Car Guillaume est revenu, et depuis dix-sept mois Clotilde perd la raison, elle qui s\u2019\u00e9panouissait au creux de son c\u00e9libat voit son c\u0153ur et son \u00e2me ravag\u00e9s par la r\u00e9surgence de cet amour impossible. La d\u00e9cennie pass\u00e9e ne change en rien la donne&nbsp;: Guillaume est toujours gay, et qui plus est en couple. Aussi Clotilde esp\u00e8re, au gr\u00e9 des arr\u00eats de gare, trouver une solution d\u2019ici le terminus.<\/p>\n","protected":false},"excerpt":{"rendered":"<p>Dans toutes les histoires d\u2019amour se rejouent les blessures de l\u2019enfance&nbsp;: on gu\u00e9rit ou on creuse ses plaies. Pour comprendre la nature de sa relation avec Guillaume, Clotilde M\u00e9lisse observe les souvenirs qu\u2019elle sort de sa t\u00eate, le temps d\u2019un &hellip; <a href=\"https:\/\/chloedelaume.net\/?page_id=6140\">Continuer la lecture <span class=\"meta-nav\">&rarr;<\/span><\/a><\/p>\n","protected":false},"author":2,"featured_media":0,"parent":0,"menu_order":0,"comment_status":"closed","ping_status":"closed","template":"","meta":{"jetpack_post_was_ever_published":false,"footnotes":""},"class_list":["post-6140","page","type-page","status-publish","hentry"],"jetpack_sharing_enabled":true,"jetpack_shortlink":"https:\/\/wp.me\/P3Xt8S-1B2","_links":{"self":[{"href":"https:\/\/chloedelaume.net\/index.php?rest_route=\/wp\/v2\/pages\/6140","targetHints":{"allow":["GET"]}}],"collection":[{"href":"https:\/\/chloedelaume.net\/index.php?rest_route=\/wp\/v2\/pages"}],"about":[{"href":"https:\/\/chloedelaume.net\/index.php?rest_route=\/wp\/v2\/types\/page"}],"author":[{"embeddable":true,"href":"https:\/\/chloedelaume.net\/index.php?rest_route=\/wp\/v2\/users\/2"}],"replies":[{"embeddable":true,"href":"https:\/\/chloedelaume.net\/index.php?rest_route=%2Fwp%2Fv2%2Fcomments&post=6140"}],"version-history":[{"count":2,"href":"https:\/\/chloedelaume.net\/index.php?rest_route=\/wp\/v2\/pages\/6140\/revisions"}],"predecessor-version":[{"id":6145,"href":"https:\/\/chloedelaume.net\/index.php?rest_route=\/wp\/v2\/pages\/6140\/revisions\/6145"}],"wp:attachment":[{"href":"https:\/\/chloedelaume.net\/index.php?rest_route=%2Fwp%2Fv2%2Fmedia&parent=6140"}],"curies":[{"name":"wp","href":"https:\/\/api.w.org\/{rel}","templated":true}]}}