{"id":4547,"date":"2015-07-05T10:56:57","date_gmt":"2015-07-05T08:56:57","guid":{"rendered":"http:\/\/www.chloedelaume.net\/?page_id=4547"},"modified":"2023-11-29T02:03:23","modified_gmt":"2023-11-29T01:03:23","slug":"extraction","status":"publish","type":"page","link":"https:\/\/chloedelaume.net\/?page_id=4547","title":{"rendered":"Lilith &#038; Cie : ateliers et soir\u00e9es"},"content":{"rendered":"<p style=\"text-align: center;\">\u00a0<\/p>\n<p><strong><img loading=\"lazy\" decoding=\"async\" class=\"size-medium wp-image-6217 alignleft\" src=\"https:\/\/chloedelaume.net\/wp-content\/uploads\/2023\/08\/01-212x300.jpg\" alt=\"\" width=\"212\" height=\"300\" srcset=\"https:\/\/chloedelaume.net\/wp-content\/uploads\/2023\/08\/01-212x300.jpg 212w, https:\/\/chloedelaume.net\/wp-content\/uploads\/2023\/08\/01-724x1024.jpg 724w, https:\/\/chloedelaume.net\/wp-content\/uploads\/2023\/08\/01-768x1087.jpg 768w, https:\/\/chloedelaume.net\/wp-content\/uploads\/2023\/08\/01-1086x1536.jpg 1086w, https:\/\/chloedelaume.net\/wp-content\/uploads\/2023\/08\/01-1448x2048.jpg 1448w, https:\/\/chloedelaume.net\/wp-content\/uploads\/2023\/08\/01.jpg 1685w\" sizes=\"auto, (max-width: 212px) 100vw, 212px\" \/>Le projet<\/strong><\/p>\n<p style=\"text-align: justify;\">Lilith &amp; Cie est un cycle de travail autour des figures f\u00e9minines mythologiques, soutenu par le dispositif R\u00e9sidence d\u2019\u00e9crivains en \u00cele de France. D\u00e9esses, d\u00e9mones, sorci\u00e8res, cr\u00e9atures, h\u00e9ro\u00efnes maudites en leur sang, leur histoire et leur puissance symbolique font \u00e9cho aux probl\u00e9matiques f\u00e9ministes contemporaines.<\/p>\n<p>Durant dix mois, Chlo\u00e9 Delaume animera un atelier d\u2019\u00e9criture et une soir\u00e9e lecture \u00e0 <a href=\"https:\/\/lareguliere.fr\/\" target=\"_blank\" rel=\"noopener\">la librairie La R\u00e9guli\u00e8re<\/a> , explorant \u00e0 chaque s\u00e9ance un personnage.\u00a0 Lilith, M\u00e9d\u00e9e, Circ\u00e9, H\u00e9ra, Cassandre, Art\u00e9mis, L\u00e9da, Isis, mais aussi le ch\u0153ur des sir\u00e8nes seront un objet d\u2019\u00e9tude autant que de cr\u00e9ation. Que nous inspire leur histoire, comment r\u00e9sonne-t-elle aujourd\u2019hui ?<\/p>\n<p><strong><img loading=\"lazy\" decoding=\"async\" class=\"size-medium wp-image-6220 alignleft\" src=\"https:\/\/chloedelaume.net\/wp-content\/uploads\/2023\/08\/logo-1232-300x129.jpg\" alt=\"\" width=\"300\" height=\"129\" srcset=\"https:\/\/chloedelaume.net\/wp-content\/uploads\/2023\/08\/logo-1232-300x129.jpg 300w, https:\/\/chloedelaume.net\/wp-content\/uploads\/2023\/08\/logo-1232-1024x439.jpg 1024w, https:\/\/chloedelaume.net\/wp-content\/uploads\/2023\/08\/logo-1232-768x329.jpg 768w, https:\/\/chloedelaume.net\/wp-content\/uploads\/2023\/08\/logo-1232-500x214.jpg 500w, https:\/\/chloedelaume.net\/wp-content\/uploads\/2023\/08\/logo-1232.jpg 1400w\" sizes=\"auto, (max-width: 300px) 100vw, 300px\" \/>Les ateliers d\u2019\u00e9criture \u00e0 la R\u00e9guli\u00e8re<\/strong><\/p>\n<p>Sur inscription, un samedi par mois, de 15h \u00e0 17h, \u00e0 la librairie La R\u00e9guli\u00e8re, 43 rue Myrha, Paris 18<sup>e<\/sup>. Chlo\u00e9 Delaume pr\u00e9sentera une figure, autour de laquelle il s\u2019agira d\u2019\u00e9crire ensuite un \u00e0 deux feuillets. Toutes les formes sont bienvenues. Les textes pourront \u00eatre finalis\u00e9s chez soi, puis d\u00e9pos\u00e9s sur un Drive dans un d\u00e9lai de dix jours. Ceux qui seront s\u00e9lectionn\u00e9s pourront \u00eatre lus durant la soir\u00e9e chez Mona.<\/p>\n<p><strong><img loading=\"lazy\" decoding=\"async\" class=\"size-medium wp-image-6254 alignleft\" src=\"https:\/\/chloedelaume.net\/wp-content\/uploads\/2023\/11\/merci-la-goutte-dor-clarte-basse-def-300x198.jpg\" alt=\"\" width=\"300\" height=\"198\" srcset=\"https:\/\/chloedelaume.net\/wp-content\/uploads\/2023\/11\/merci-la-goutte-dor-clarte-basse-def-300x198.jpg 300w, https:\/\/chloedelaume.net\/wp-content\/uploads\/2023\/11\/merci-la-goutte-dor-clarte-basse-def-1024x675.jpg 1024w, https:\/\/chloedelaume.net\/wp-content\/uploads\/2023\/11\/merci-la-goutte-dor-clarte-basse-def-768x506.jpg 768w, https:\/\/chloedelaume.net\/wp-content\/uploads\/2023\/11\/merci-la-goutte-dor-clarte-basse-def-455x300.jpg 455w, https:\/\/chloedelaume.net\/wp-content\/uploads\/2023\/11\/merci-la-goutte-dor-clarte-basse-def.jpg 1417w\" sizes=\"auto, (max-width: 300px) 100vw, 300px\" \/>Les soir\u00e9es lecture \u00e0 la R\u00e9guli\u00e8re<\/strong><\/p>\n<p>Ouvertes \u00e0 toustes, un jeudi ou un vendredi en fin de mois de 19h \u00e0 20h, toujours au 43 rue Myrha, Paris 18e. Chlo\u00e9 Delaume y orchestrera lectures issues de l\u2019atelier d&rsquo;\u00e9criture, parfois une s\u00e9lection de textes antiques, classiques, modernes et contemporains, ainsi qu\u2019un extrait de son monologue en cours, portant sur la figure du mois. R\u00e9guli\u00e8rement, des autrices et auteurs invit\u00e9s interviendront, via une lecture ou une mini conf\u00e9rence.<\/p>\n<p style=\"text-align: center;\"><strong>Programme<\/strong><\/p>\n<p><strong>Samedi 16 septembre, 15h :<\/strong> Lancement de la r\u00e9sidence \u00e0 La R\u00e9guli\u00e8re.<\/p>\n<p><strong>7 Octobre, 15h-17h, \u00e0 La R\u00e9guli\u00e8re\u00a0:<\/strong><em> Votre h\u00e9ro\u00efne de l\u00e9gende<\/em>, atelier d\u2019\u00e9criture avec restitution.<\/p>\n<p><strong>20 octobre, 19h-20h, chez Mona\u00a0:<\/strong> <em>Lilith en son histoire<\/em>, lecture musicale de Chlo\u00e9 Delaume et Benoist Bouvot Est\u00e9.<\/p>\n<p><strong>4 Novembre, 15h-17h, \u00e0 La R\u00e9guli\u00e8re\u00a0:<\/strong> atelier autour de <strong>Circ\u00e9<\/strong>.<\/p>\n<p><strong>17 Novembre 19h-20h, chez Mona :<\/strong> lectures autour de <strong>Circ\u00e9<\/strong>. Invit\u00e9 : Patrick Bouvet.<\/p>\n<p><strong>25 novembre 15h-17h<\/strong> : atelier autour de <strong>M\u00e9d\u00e9e<\/strong>.<\/p>\n<p><strong>6 Janvier, 15h-17h, \u00e0 La R\u00e9guli\u00e8re\u00a0:<\/strong> atelier autour d\u2019<strong>H\u00e9ra<\/strong>.<\/p>\n<p><strong>6 janvier 19h \u00e0 La R\u00e9guli\u00e8re :<\/strong> Lectures autour de <strong>M\u00e9d\u00e9e<\/strong>.\u00a0<\/p>\n<p><strong>26 Janvier, 19h-20h, \u00e0 La R\u00e9guli\u00e8re :<\/strong> lectures autour d\u2019<strong>H\u00e9ra<\/strong>.<\/p>\n<p><strong>3 F\u00e9vrier, 15h-17h, \u00e0 La R\u00e9guli\u00e8re :<\/strong> atelier autour de <strong>Cassandre<\/strong>.<\/p>\n<p><strong>23 F\u00e9vrier, 19h-20h, \u00e0 La R\u00e9guli\u00e8re :<\/strong> lectures autour de <strong>Cassandre<\/strong>.\u00a0 Invit\u00e9e : Emilie Not\u00e9ris.<\/p>\n<p><strong>2 Mars, 15h-17h, \u00e0 La R\u00e9guli\u00e8re :<\/strong> atelier d\u2019\u00e9criture autour d\u2019<strong>Art\u00e9mis<\/strong>.<\/p>\n<p><strong>22 Mars, 19h-20h, \u00e0 La R\u00e9guli\u00e8re :<\/strong> lectures autour d\u2019<strong>Art\u00e9mis<\/strong>.\u00a0<\/p>\n<p><strong>6 Avril, 15h-17h, \u00e0 La R\u00e9guli\u00e8re :<\/strong> atelier d\u2019\u00e9criture autour de <strong>L\u00e9da<\/strong>.<\/p>\n<p><strong>26 Avril, 19h-20h \u00e0 La R\u00e9guli\u00e8re :<\/strong>\u00a0lectures autour de <strong>L\u00e9da<\/strong>.<\/p>\n<p><strong>4 Mai, 15h-17h, \u00e0 La R\u00e9guli\u00e8re\u00a0:<\/strong> atelier autour d\u2019<strong>Isis<\/strong>.<\/p>\n<p><strong>24 Mai, 19h-20h \u00e0 La R\u00e9guli\u00e8re :<\/strong> lectures autour d\u2019Isis, invit\u00e9 : Pac\u00f4me Thiellement.\u00a0<\/p>\n<p><strong>1 Juin, 15h-17h, \u00e0 La R\u00e9guli\u00e8re :<\/strong> atelier autour des <strong>sir\u00e8nes<\/strong>.<\/p>\n<p><strong>28 Juin, 19h-20h, \u00e0 La R\u00e9guli\u00e8re :<\/strong> lectures autour des <strong>sir\u00e8nes<\/strong>.<\/p>\n<p>[L&rsquo;illustration de Lilith &amp; Cie est sign\u00e9e Lou Benesch]<\/p>\n\n\n<p><\/p>\n","protected":false},"excerpt":{"rendered":"<p>\u00a0 Le projet Lilith &amp; Cie est un cycle de travail autour des figures f\u00e9minines mythologiques, soutenu par le dispositif R\u00e9sidence d\u2019\u00e9crivains en \u00cele de France. D\u00e9esses, d\u00e9mones, sorci\u00e8res, cr\u00e9atures, h\u00e9ro\u00efnes maudites en leur sang, leur histoire et leur puissance &hellip; <a href=\"https:\/\/chloedelaume.net\/?page_id=4547\">Continuer la lecture <span class=\"meta-nav\">&rarr;<\/span><\/a><\/p>\n","protected":false},"author":2,"featured_media":0,"parent":0,"menu_order":0,"comment_status":"closed","ping_status":"closed","template":"","meta":{"jetpack_post_was_ever_published":false,"footnotes":""},"class_list":["post-4547","page","type-page","status-publish","hentry"],"jetpack_sharing_enabled":true,"jetpack_shortlink":"https:\/\/wp.me\/P3Xt8S-1bl","_links":{"self":[{"href":"https:\/\/chloedelaume.net\/index.php?rest_route=\/wp\/v2\/pages\/4547","targetHints":{"allow":["GET"]}}],"collection":[{"href":"https:\/\/chloedelaume.net\/index.php?rest_route=\/wp\/v2\/pages"}],"about":[{"href":"https:\/\/chloedelaume.net\/index.php?rest_route=\/wp\/v2\/types\/page"}],"author":[{"embeddable":true,"href":"https:\/\/chloedelaume.net\/index.php?rest_route=\/wp\/v2\/users\/2"}],"replies":[{"embeddable":true,"href":"https:\/\/chloedelaume.net\/index.php?rest_route=%2Fwp%2Fv2%2Fcomments&post=4547"}],"version-history":[{"count":32,"href":"https:\/\/chloedelaume.net\/index.php?rest_route=\/wp\/v2\/pages\/4547\/revisions"}],"predecessor-version":[{"id":6259,"href":"https:\/\/chloedelaume.net\/index.php?rest_route=\/wp\/v2\/pages\/4547\/revisions\/6259"}],"wp:attachment":[{"href":"https:\/\/chloedelaume.net\/index.php?rest_route=%2Fwp%2Fv2%2Fmedia&parent=4547"}],"curies":[{"name":"wp","href":"https:\/\/api.w.org\/{rel}","templated":true}]}}

Lilith &#038; Cie : ateliers et soirées

<p style="text-align: center;"> </p>
<p><strong><img loading="lazy" decoding="async" class="size-medium wp-image-6217 alignleft" src="https://chloedelaume.net/wp-content/uploads/2023/08/01-212x300.jpg" alt="" width="212" height="300" srcset="https://chloedelaume.net/wp-content/uploads/2023/08/01-212x300.jpg 212w, https://chloedelaume.net/wp-content/uploads/2023/08/01-724x1024.jpg 724w, https://chloedelaume.net/wp-content/uploads/2023/08/01-768x1087.jpg 768w, https://chloedelaume.net/wp-content/uploads/2023/08/01-1086x1536.jpg 1086w, https://chloedelaume.net/wp-content/uploads/2023/08/01-1448x2048.jpg 1448w, https://chloedelaume.net/wp-content/uploads/2023/08/01.jpg 1685w" sizes="auto, (max-width: 212px) 100vw, 212px" />Le projet</strong></p>
<p style="text-align: justify;">Lilith &amp; Cie est un cycle de travail autour des figures féminines mythologiques, soutenu par le dispositif Résidence d’écrivains en Île de France. Déesses, démones, sorcières, créatures, héroïnes maudites en leur sang, leur histoire et leur puissance symbolique font écho aux problématiques féministes contemporaines.</p>
<p>Durant dix mois, Chloé Delaume animera un atelier d’écriture et une soirée lecture à <a href="https://lareguliere.fr/" target="_blank" rel="noopener">la librairie La Régulière</a> , explorant à chaque séance un personnage.  Lilith, Médée, Circé, Héra, Cassandre, Artémis, Léda, Isis, mais aussi le chœur des sirènes seront un objet d’étude autant que de création. Que nous inspire leur histoire, comment résonne-t-elle aujourd’hui ?</p>
<p><strong><img loading="lazy" decoding="async" class="size-medium wp-image-6220 alignleft" src="https://chloedelaume.net/wp-content/uploads/2023/08/logo-1232-300x129.jpg" alt="" width="300" height="129" srcset="https://chloedelaume.net/wp-content/uploads/2023/08/logo-1232-300x129.jpg 300w, https://chloedelaume.net/wp-content/uploads/2023/08/logo-1232-1024x439.jpg 1024w, https://chloedelaume.net/wp-content/uploads/2023/08/logo-1232-768x329.jpg 768w, https://chloedelaume.net/wp-content/uploads/2023/08/logo-1232-500x214.jpg 500w, https://chloedelaume.net/wp-content/uploads/2023/08/logo-1232.jpg 1400w" sizes="auto, (max-width: 300px) 100vw, 300px" />Les ateliers d’écriture à la Régulière</strong></p>
<p>Sur inscription, un samedi par mois, de 15h à 17h, à la librairie La Régulière, 43 rue Myrha, Paris 18<sup>e</sup>. Chloé Delaume présentera une figure, autour de laquelle il s’agira d’écrire ensuite un à deux feuillets. Toutes les formes sont bienvenues. Les textes pourront être finalisés chez soi, puis déposés sur un Drive dans un délai de dix jours. Ceux qui seront sélectionnés pourront être lus durant la soirée chez Mona.</p>
<p><strong><img loading="lazy" decoding="async" class="size-medium wp-image-6254 alignleft" src="https://chloedelaume.net/wp-content/uploads/2023/11/merci-la-goutte-dor-clarte-basse-def-300x198.jpg" alt="" width="300" height="198" srcset="https://chloedelaume.net/wp-content/uploads/2023/11/merci-la-goutte-dor-clarte-basse-def-300x198.jpg 300w, https://chloedelaume.net/wp-content/uploads/2023/11/merci-la-goutte-dor-clarte-basse-def-1024x675.jpg 1024w, https://chloedelaume.net/wp-content/uploads/2023/11/merci-la-goutte-dor-clarte-basse-def-768x506.jpg 768w, https://chloedelaume.net/wp-content/uploads/2023/11/merci-la-goutte-dor-clarte-basse-def-455x300.jpg 455w, https://chloedelaume.net/wp-content/uploads/2023/11/merci-la-goutte-dor-clarte-basse-def.jpg 1417w" sizes="auto, (max-width: 300px) 100vw, 300px" />Les soirées lecture à la Régulière</strong></p>
<p>Ouvertes à toustes, un jeudi ou un vendredi en fin de mois de 19h à 20h, toujours au 43 rue Myrha, Paris 18e. Chloé Delaume y orchestrera lectures issues de l’atelier d&rsquo;écriture, parfois une sélection de textes antiques, classiques, modernes et contemporains, ainsi qu’un extrait de son monologue en cours, portant sur la figure du mois. Régulièrement, des autrices et auteurs invités interviendront, via une lecture ou une mini conférence.</p>
<p style="text-align: center;"><strong>Programme</strong></p>
<p><strong>Samedi 16 septembre, 15h :</strong> Lancement de la résidence à La Régulière.</p>
<p><strong>7 Octobre, 15h-17h, à La Régulière :</strong><em> Votre héroïne de légende</em>, atelier d’écriture avec restitution.</p>
<p><strong>20 octobre, 19h-20h, chez Mona :</strong> <em>Lilith en son histoire</em>, lecture musicale de Chloé Delaume et Benoist Bouvot Esté.</p>
<p><strong>4 Novembre, 15h-17h, à La Régulière :</strong> atelier autour de <strong>Circé</strong>.</p>
<p><strong>17 Novembre 19h-20h, chez Mona :</strong> lectures autour de <strong>Circé</strong>. Invité : Patrick Bouvet.</p>
<p><strong>25 novembre 15h-17h</strong> : atelier autour de <strong>Médée</strong>.</p>
<p><strong>6 Janvier, 15h-17h, à La Régulière :</strong> atelier autour d’<strong>Héra</strong>.</p>
<p><strong>6 janvier 19h à La Régulière :</strong> Lectures autour de <strong>Médée</strong>. </p>
<p><strong>26 Janvier, 19h-20h, à La Régulière :</strong> lectures autour d’<strong>Héra</strong>.</p>
<p><strong>3 Février, 15h-17h, à La Régulière :</strong> atelier autour de <strong>Cassandre</strong>.</p>
<p><strong>23 Février, 19h-20h, à La Régulière :</strong> lectures autour de <strong>Cassandre</strong>.  Invitée : Emilie Notéris.</p>
<p><strong>2 Mars, 15h-17h, à La Régulière :</strong> atelier d’écriture autour d’<strong>Artémis</strong>.</p>
<p><strong>22 Mars, 19h-20h, à La Régulière :</strong> lectures autour d’<strong>Artémis</strong>. </p>
<p><strong>6 Avril, 15h-17h, à La Régulière :</strong> atelier d’écriture autour de <strong>Léda</strong>.</p>
<p><strong>26 Avril, 19h-20h à La Régulière :</strong> lectures autour de <strong>Léda</strong>.</p>
<p><strong>4 Mai, 15h-17h, à La Régulière :</strong> atelier autour d’<strong>Isis</strong>.</p>
<p><strong>24 Mai, 19h-20h à La Régulière :</strong> lectures autour d’Isis, invité : Pacôme Thiellement. </p>
<p><strong>1 Juin, 15h-17h, à La Régulière :</strong> atelier autour des <strong>sirènes</strong>.</p>
<p><strong>28 Juin, 19h-20h, à La Régulière :</strong> lectures autour des <strong>sirènes</strong>.</p>
<p>[L&rsquo;illustration de Lilith &amp; Cie est signée Lou Benesch]</p>


<p></p>

<p>  Le projet Lilith &amp; Cie est un cycle de travail autour des figures féminines mythologiques, soutenu par le dispositif Résidence d’écrivains en Île de France. Déesses, démones, sorcières, créatures, héroïnes maudites en leur sang, leur histoire et leur puissance &hellip; <a href="https://chloedelaume.net/?page_id=4547">Continuer la lecture <span class="meta-nav">&rarr;</span></a></p>
