{"id":4510,"date":"2015-07-04T19:47:42","date_gmt":"2015-07-04T17:47:42","guid":{"rendered":"http:\/\/www.chloedelaume.net\/?page_id=4510"},"modified":"2016-03-29T09:57:57","modified_gmt":"2016-03-29T07:57:57","slug":"nouvelles-articles","status":"publish","type":"page","link":"https:\/\/chloedelaume.net\/?page_id=4510","title":{"rendered":""},"content":{"rendered":"<p style=\"text-align: center;\"><strong>PUBLICATIONS<\/strong><\/p>\n<p style=\"text-align: center;\"><strong>Revues &#8211; Magazines &#8211; Ouvrages collectifs<\/strong><\/p>\n<p style=\"text-align: justify;\"><strong>2014<\/strong> &#8211; <a href=\"http:\/\/www.chloedelaume.net\/wp-content\/uploads\/2015\/07\/Goncourt-Delaume.doc\" rel=\"\">Conversation impossible avec les fr\u00e8res Goncourt<\/a><em>\u00a0<\/em>&#8211; Vanity Fair.\u00a0<strong>2013<\/strong> &#8211; <a href=\"http:\/\/www.chloedelaume.net\/wp-content\/uploads\/2015\/07\/New-York.doc\" rel=\"\">\u00e0 Nord Brother Island, la cuisine est typique<\/a>, in\u00a0<em><a href=\"http:\/\/www.editions-stock.fr\/le-new-york-des-ecrivains-9782234075504\">\u00a0Le New York des \u00e9crivains<\/a><\/em>, collectif, Editions Stock &#8211; <a href=\"http:\/\/www.chloedelaume.net\/wp-content\/uploads\/2015\/07\/Iacub-Marianne.doc\" rel=\"\">Sur l&rsquo;affaire Iacub<\/a>, \u00a0Marianne &#8211; <a href=\"http:\/\/www.vanityfair.fr\/actualites\/international\/articles\/femen-chloe-delaume-bonnets-pleins-idees-creuses\/1739\">Les Femen, bonnets plein, id\u00e9es creuses<\/a>, Vanity Fair &#8211; Chroniques <em><a href=\"http:\/\/www.arretsurimages.net\/chroniqueur.php?id=28\">Bienvenue \u00e0 Normaland<\/a><\/em>, sur\u00a0<a href=\"http:\/\/www.arretsurimages.net\/\">arretsurimages.net<\/a>\u00a0&#8211;\u00a0<strong>2012<\/strong> &#8211; <a href=\"http:\/\/www.chloedelaume.net\/wp-content\/uploads\/2015\/07\/La-villa-Mag-Litt.doc\" rel=\"\">Le rouge est ma couleur<\/a>, sur la Villa M\u00e9dicis, Le Magazine Litt\u00e9raire &#8211; <a href=\"http:\/\/www.chloedelaume.net\/wp-content\/uploads\/2015\/07\/No\u00ebl-Chlo\u00e9.doc\" rel=\"\">Pr\u00e9cis de recomposition<\/a>, \u00a0<em>No\u00ebl quel bonheur !<\/em>,\u00a0collectif, Editions Armand Colin &#8211;<a href=\"http:\/\/www.chloedelaume.net\/wp-content\/uploads\/2015\/07\/Politique-Autofiction-def.doc\" rel=\"\">Politique &amp; Autofiction<\/a>, intervention au colloque de Cerisy.\u00a0<strong>2011<\/strong> &#8211; <a href=\"http:\/\/www.chloedelaume.net\/wp-content\/uploads\/2015\/07\/jalouse.docx\" rel=\"\">2,1 et plus encore<\/a><em>\u00a0<\/em>et<em> <a href=\"http:\/\/www.chloedelaume.net\/wp-content\/uploads\/2015\/07\/Apocalypse-Jalouse.docx\" rel=\"\">J-bient\u00f4t<\/a>, <\/em>chroniques pour\u00a0Jalouse &#8211; In boscos veritas, revue If &#8211;\u00a0<strong>2010<\/strong> &#8211; <a href=\"http:\/\/www.chloedelaume.net\/wp-content\/uploads\/2015\/07\/Bijoux.doc\" rel=\"\">Derri\u00e8re le verre<\/a>, sur une parure de Marie-Louise, <em>Le\u00a0<\/em><i>Petit pan du mur jaune : 22 \u00e9crivains du c\u00f4t\u00e9 du Louvre<\/i>, collectif, Editions\u00a0Skira &#8211; <em> <a href=\"http:\/\/www.chloedelaume.net\/wp-content\/uploads\/2015\/07\/Lutetia.doc\" rel=\"\">Suite 411<\/a><\/em>, <i>Sillages<\/i>, collectif, Editions\u00a0Cadex &#8211; <a href=\"http:\/\/www.chloedelaume.net\/wp-content\/uploads\/2015\/07\/Stiletto.doc\" rel=\"\">La collectionneuse<\/a>, nouvelle pour le magazine Stiletto &#8211; <a href=\"http:\/\/www.chloedelaume.net\/wp-content\/uploads\/2015\/07\/Tixador.doc\" rel=\"\">Au tout dedans<\/a> &#8211; catalogue Laurent Tixdor, galerie in Situ &#8211; <a href=\"http:\/\/www.chloedelaume.net\/wp-content\/uploads\/2015\/07\/Nouvelle-Chlo\u00e9-Delaume-Spray-2.2.rtf\" rel=\"\">My beautiful realoaded<\/a>, nouvelle pour le magazine Spray.\u00a0<strong>2009<\/strong> &#8211; Participations \u00e0 la revue TINA, \u00e9ditions\u00a0\u00e8\u00aee.\u00a0<strong>2008<\/strong> &#8211; <a href=\"http:\/\/www.chloedelaume.net\/wp-content\/uploads\/2015\/07\/Nymphea.doc\" rel=\"\">Nymphea est fabula<\/a>, revue Europe sur Boris Vian &#8211;<em> <a href=\"http:\/\/www.chloedelaume.net\/wp-content\/uploads\/2015\/07\/Exercice-et-d\u00e9finitions.doc\" rel=\"\">Exercice et d\u00e9finitions<\/a><\/em>, Assises du roman &#8211; <a href=\"http:\/\/www.chloedelaume.net\/wp-content\/uploads\/2015\/07\/JGM.docx\" rel=\"\">Orphan Twist<\/a>, <em>Des jeunes gens m\u00f6dernes<\/em>, collectif, Editions Na\u00efve \/ Agn\u00e8s b. &#8211; Peanuts with attitude, in Spezialit\u00e4t, catalogue Fran\u00e7ois Curlet &#8211;<a href=\"http:\/\/www.chloedelaume.net\/wp-content\/uploads\/2015\/07\/le-peuple-des-pyjamas-bleus.doc\" rel=\"\">Le peuple des pyjamas bleus<\/a>, Le Magazine Litt\u00e9raire. <a href=\"http:\/\/www.chloedelaume.net\/wp-content\/uploads\/2015\/07\/villa-gilet.docx\" rel=\"\">La R\u00e9publique Banani\u00e8re des Lettres<\/a>, Assises du roman.\u00a0<strong>2007<\/strong> &#8211; <a href=\"http:\/\/www.chloedelaume.net\/wp-content\/uploads\/2015\/07\/La-lettre.doc\" rel=\"\">L&rsquo;alchimie du mail<\/a><em>,<\/em>\u00a0<i>Prenez soin de vous<\/i> de Sophie Calle, collectif, Actes Sud &#8211; <a href=\"http:\/\/www.chloedelaume.net\/wp-content\/uploads\/2015\/07\/visite-guid\u00e9e.doc\" rel=\"\">Visite guid\u00e9e<\/a>,\u00a0<i>Neuf le\u00e7ons de litt\u00e9rature<\/i>,\u00a0collectif, \u00a0\u00c9ditions Thierry Magnier &#8211; <em>Extension<\/em>, sur le jeu Civilization, journal Lib\u00e9ration &#8211; Mobile Art : parcours, texte pour l&rsquo;exposition &#8211;<a href=\"http:\/\/www.chloedelaume.net\/wp-content\/uploads\/2015\/07\/In-my-room.doc\" rel=\"\">La taxidermiste<\/a>, In my room, <a href=\"http:\/\/agnesdecayeux.fr\/AdC_site\/AdC_htmlOnTheBeach\/inmyroom.html\" target=\"_blank\">installation d&rsquo;Agn\u00e8s de Cayeux<\/a>, Arte &#8211; Cahier de vacances, avec Eric Arlix pour Chronicart &#8211; <a href=\"http:\/\/www.chloedelaume.net\/wp-content\/uploads\/2015\/07\/Chambre-56.doc\" rel=\"\">Chambre 56<\/a> &#8211; Revue Singe.\u00a0<strong>2006<\/strong> &#8211; Chroniques <a href=\"http:\/\/www.chloedelaume.net\/wp-content\/uploads\/2015\/07\/Matricule.doc\" rel=\"\">Vu \u00e0 la t\u00e9l\u00e9<\/a>, pour Le Matricule des anges &#8211; <a href=\"http:\/\/www.chloedelaume.net\/wp-content\/uploads\/2015\/07\/CNES.docx\" rel=\"\">Salon 18.43<\/a>, revuesEspace(s) &#8211; <a href=\"http:\/\/www.chloedelaume.net\/wp-content\/uploads\/2015\/07\/Je-suis-le-21.doc\" rel=\"\">Je suis le 21<\/a>, <i>Un toit. Nouvelles sur le logement<\/i>, collectif, Le Cherche midi &#8211;\u00a0<strong>2005<\/strong>\u00a0: <a href=\"http:\/\/www.chloedelaume.net\/wp-content\/uploads\/2015\/07\/Larchitecte-Remix.doc\" rel=\"\">L&rsquo;architecte Remix<\/a>, <i>Remix # 3<\/i>, collectif, Hachette &#8211;\u00a0<em>Terraformation<\/em> , <i>Renews 1<\/i>, collectif, \u00e8\u00aee &#8211;\u00a02004\u00a0: \u00ab Djezer Zarka\u00a0\u00bb, <i>Remix # 1<\/i>, collectif, Hachette &#8211; O\u00f9 sont les lions?, <i>Tout sera comme avant<\/i>, collectif \u00a0autour de Dominique A, Verticales &#8211;\u00a0<strong>2003<\/strong> &#8211; <a href=\"http:\/\/www.chloedelaume.net\/wp-content\/uploads\/2015\/07\/Petits-probl\u00e8mes-entre-amis.doc\" rel=\"\">Petits probl\u00e8mes entre amis<\/a>, <i>Le Cadavre bouge encore<\/i>, collectif, L\u00e9o Scheer &#8211; <a href=\"http:\/\/www.chloedelaume.net\/wp-content\/uploads\/2015\/07\/La-coxalgie-du-n\u00e9nuphar.doc\" rel=\"\">La coxalgie du n\u00e9nuphar<\/a>\u00a0, <i>Les Affol\u00e9s<\/i>, collectif, Baleine &#8211; <a href=\"http:\/\/www.chloedelaume.net\/wp-content\/uploads\/2015\/07\/Sur-place-ou-\u00e0-emporter.doc\" rel=\"\">Sur place ou \u00e0 emporter<\/a>, Portrait de l&rsquo;h\u00f4tesse de bar,\u00a0<i>Le Sexe<\/i>, collectif, La D\u00e9couverte &#8211; <a href=\"http:\/\/www.chloedelaume.net\/wp-content\/uploads\/2015\/07\/Rapsodie.doc\" rel=\"\">Rhapsodie ras du sol<\/a>\u00a0, <i>Lettres d&rsquo;aveux<\/i>, collectif, Pocket &#8211;\u00a0<strong>2002\u00a0<\/strong>: <a href=\"http:\/\/www.chloedelaume.net\/wp-content\/uploads\/2015\/07\/Cataracte.doc\" rel=\"\">Cata(racte)<\/a>, <i>Contre offensive<\/i>, collectif, Pauvert &#8211; <a href=\"http:\/\/www.chloedelaume.net\/wp-content\/uploads\/2015\/07\/Trickster-of-mercy.doc\" rel=\"\">Tricksters of mercy<\/a>, revue EvidenZ &#8211; <a href=\"http:\/\/www.chloedelaume.net\/wp-content\/uploads\/2015\/07\/Chromosome-3.doc\" rel=\"\">Chromosome 3<\/a>, La Quinzaine Litt\u00e9raire &#8211;<strong>\u00a02001<\/strong> &#8211; <a href=\"http:\/\/www.chloedelaume.net\/wp-content\/uploads\/2015\/07\/Lhumanit\u00e9-.doc\" rel=\"\">L&rsquo;humanit\u00e9 est un vilain d\u00e9faut<\/a>, magazine Upstreet &#8211; <a href=\"http:\/\/www.chloedelaume.net\/wp-content\/uploads\/2015\/07\/Bugg-endormi.doc\" rel=\"\">Bugg endormi<\/a>, Les Cahiers du Refuge &#8211;\u00a0<strong>2000<\/strong> &#8211; <a href=\"http:\/\/www.chloedelaume.net\/wp-content\/uploads\/2015\/07\/De-profondis-clapoti.docx\" rel=\"\">De profondis clapoti<\/a>, revue Contrepoint(s) &#8211; <a href=\"http:\/\/www.chloedelaume.net\/wp-content\/uploads\/2015\/07\/Opuscule-Involontaire.doc\" rel=\"\">Opuscule Involontaire<\/a>, revue Spectre &#8211;\u00a0<strong>1999<\/strong> &#8211; <em>Les levrettes d&rsquo;Andromaque<\/em> et <a href=\"http:\/\/www.chloedelaume.net\/wp-content\/uploads\/2015\/07\/Prostituationnisme.rtf\" rel=\"\">Prostituationnisme<\/a>, revue\u00a0Evidenz<i> &#8211;\u00a0<\/i> <a href=\"http:\/\/www.chloedelaume.net\/wp-content\/uploads\/2015\/07\/Les-comptes-du-chat-perc\u00e9s-1.doc\" rel=\"\">Les comptes du chat perc\u00e9s<\/a>, revue Spectre &#8211; <strong>1998<\/strong>\u00a0<a href=\"http:\/\/www.chloedelaume.net\/wp-content\/uploads\/2015\/07\/Cabanis.doc\" rel=\"\">Cabanis-tics<\/a>, \u00a0revue L&rsquo;Observatoire de la t\u00e9l\u00e9vision.<\/p>\n<p style=\"text-align: center;\">\n<p style=\"text-align: center;\"><strong>&#8211; Sur le travail de Chlo\u00e9 Delaume &#8211;<\/strong><\/p>\n<p style=\"text-align: left;\"><a href=\"http:\/\/www.chloedelaume.net\/wp-content\/uploads\/2015\/07\/images-6.jpg\" target=\"_blank\" rel=\"attachment wp-att-4855\"><img loading=\"lazy\" decoding=\"async\" class=\"wp-image-4855 size-full alignleft\" title=\"Le Matricule des Anges, num\u00e9ro 100\" src=\"http:\/\/www.chloedelaume.net\/wp-content\/uploads\/2015\/07\/images-6.jpg\" alt=\"\" width=\"116\" height=\"160\" \/><\/a><\/p>\n<p style=\"text-align: left;\">\u00a0 \u00a0 \u00a0 \u00a0 \u00a0\u00a0<img loading=\"lazy\" decoding=\"async\" class=\"wp-image-4858 alignnone\" src=\"http:\/\/www.chloedelaume.net\/wp-content\/uploads\/2015\/07\/scarpa-1-e1459235416831-213x300.jpg\" alt=\"Marika Piva\" width=\"144\" height=\"203\" srcset=\"https:\/\/chloedelaume.net\/wp-content\/uploads\/2015\/07\/scarpa-1-e1459235416831-213x300.jpg 213w, https:\/\/chloedelaume.net\/wp-content\/uploads\/2015\/07\/scarpa-1-e1459235416831-768x1081.jpg 768w, https:\/\/chloedelaume.net\/wp-content\/uploads\/2015\/07\/scarpa-1-e1459235416831-728x1024.jpg 728w\" sizes=\"auto, (max-width: 144px) 100vw, 144px\" \/>\u00a0 \u00a0 \u00a0<img loading=\"lazy\" decoding=\"async\" class=\"wp-image-4862 alignright\" src=\"http:\/\/www.chloedelaume.net\/wp-content\/uploads\/2015\/07\/HDC-COVER-209x300.jpg\" alt=\"HDC COVER\" width=\"140\" height=\"200\" srcset=\"https:\/\/chloedelaume.net\/wp-content\/uploads\/2015\/07\/HDC-COVER-209x300.jpg 209w, https:\/\/chloedelaume.net\/wp-content\/uploads\/2015\/07\/HDC-COVER.jpg 618w\" sizes=\"auto, (max-width: 140px) 100vw, 140px\" \/><\/p>\n<p style=\"text-align: justify;\"><a href=\"http:\/\/www.lmda.net\/som\/som100.html\" target=\"_blank\">Le Matricule des Anges,<\/a><a href=\"http:\/\/www.lmda.net\/som\/som100.html\" target=\"_blank\"> num\u00e9ro 100<\/a>\u00a0<strong>&#8211;<\/strong>\u00a0<a href=\"http:\/\/www.fabula.org\/actualites\/marika-piva-nymphaea-in-fabula-le-bouquet-d-histoires-de-chloe-delaume_54331.php\">Marika Piva : <em>Nymphea in fabula, le bouquet d&rsquo;histoires de Chlo\u00e9 Delaume<\/em><\/a>,\u00a0 Aguaplano Biblioteca\u00a0<strong>&#8211;<\/strong>\u00a0<a href=\"http:\/\/contemporains-favoris.blogspot.fr\/2015\/02\/virginie-foloppe-lhemorragie-des.html\" target=\"_blank\">Virginie Faloppe :<em> L&rsquo;h\u00e9morragie des contemporaines, Nelly Arcan et Chlo\u00e9 Delaume<\/em><\/a>, Les contemporains favoris\u00a0<strong>&#8211;<\/strong><\/p>\n<p style=\"text-align: justify;\">Centralisation &amp; d\u00e9veloppement des recherches : <a href=\"https:\/\/www.uoguelph.ca\/arts\/solal-dawn-cornelio\" target=\"_blank\">Dawn Cornelio<\/a>, Universit\u00e9 de Guelph, Canada.<\/p>\n<p style=\"text-align: left;\">\n<p>&nbsp;<\/p>\n<p>&nbsp;<\/p>\n<p>&nbsp;<\/p>\n","protected":false},"excerpt":{"rendered":"<p>PUBLICATIONS Revues &#8211; Magazines &#8211; Ouvrages collectifs 2014 &#8211; Conversation impossible avec les fr\u00e8res Goncourt\u00a0&#8211; Vanity Fair.\u00a02013 &#8211; \u00e0 Nord Brother Island, la cuisine est typique, in\u00a0\u00a0Le New York des \u00e9crivains, collectif, Editions Stock &#8211; Sur l&rsquo;affaire Iacub, \u00a0Marianne &#8211; &hellip; <a href=\"https:\/\/chloedelaume.net\/?page_id=4510\">Continuer la lecture <span class=\"meta-nav\">&rarr;<\/span><\/a><\/p>\n","protected":false},"author":2,"featured_media":0,"parent":0,"menu_order":0,"comment_status":"closed","ping_status":"closed","template":"","meta":{"jetpack_post_was_ever_published":false,"footnotes":""},"class_list":["post-4510","page","type-page","status-publish","hentry"],"jetpack_sharing_enabled":true,"jetpack_shortlink":"https:\/\/wp.me\/P3Xt8S-1aK","_links":{"self":[{"href":"https:\/\/chloedelaume.net\/index.php?rest_route=\/wp\/v2\/pages\/4510","targetHints":{"allow":["GET"]}}],"collection":[{"href":"https:\/\/chloedelaume.net\/index.php?rest_route=\/wp\/v2\/pages"}],"about":[{"href":"https:\/\/chloedelaume.net\/index.php?rest_route=\/wp\/v2\/types\/page"}],"author":[{"embeddable":true,"href":"https:\/\/chloedelaume.net\/index.php?rest_route=\/wp\/v2\/users\/2"}],"replies":[{"embeddable":true,"href":"https:\/\/chloedelaume.net\/index.php?rest_route=%2Fwp%2Fv2%2Fcomments&post=4510"}],"version-history":[{"count":26,"href":"https:\/\/chloedelaume.net\/index.php?rest_route=\/wp\/v2\/pages\/4510\/revisions"}],"predecessor-version":[{"id":4865,"href":"https:\/\/chloedelaume.net\/index.php?rest_route=\/wp\/v2\/pages\/4510\/revisions\/4865"}],"wp:attachment":[{"href":"https:\/\/chloedelaume.net\/index.php?rest_route=%2Fwp%2Fv2%2Fmedia&parent=4510"}],"curies":[{"name":"wp","href":"https:\/\/api.w.org\/{rel}","templated":true}]}}