{"id":313,"date":"2012-12-12T04:55:56","date_gmt":"2012-12-12T03:55:56","guid":{"rendered":"http:\/\/wp.chloedelaume.r3zo.net\/?page_id=313"},"modified":"2023-06-08T07:14:31","modified_gmt":"2023-06-08T05:14:31","slug":"les-mouflettes-datropos","status":"publish","type":"page","link":"https:\/\/chloedelaume.net\/?page_id=313","title":{"rendered":"Les Mouflettes d&rsquo;Atropos"},"content":{"rendered":"<h4 style=\"text-align: justify;\"><\/h4>\n<h4 style=\"text-align: justify;\">Ecrit entre 1997 et 1999,\u00a0<em>Les Mouflettes d&rsquo;Atropos<\/em>\u00a0est le premier roman de Chlo\u00e9 Delaume.\u00a0<span style=\"font-size: 14px;\">Publi\u00e9 en 2000 par les \u00e9ditions Farrago, il a \u00e9t\u00e9 r\u00e9\u00e9dit\u00e9 en Folio en 2002.<\/span><\/h4>\n<p style=\"text-align: justify;\">Autofictif, fragmentaire et foutraque, ce texte retrace le parcours d&rsquo;une jeune femme \u00e9puis\u00e9e par les frasques de son mari aussi volage que fan d&rsquo;Heidegger. Aussi prend-t-elle les choses en main, \u00e0 commencer par la casserole, comme le pr\u00e9conise\u00a0<em>Marie-Claire<\/em>. Apr\u00e8s avoir servie la ma\u00eetresse en rago\u00fbt, elle quitte le domicile conjugal et amorce une errance qui ne pourra s&rsquo;achever que dans la misandrie. Elle fera ainsi le choix de la prostitution, devenir monnaie vivante \u00e9tant la seule mani\u00e8re de n\u00e9gocier une ali\u00e9nation supportable. Le corps est lou\u00e9, mais l&rsquo;\u00e2me intacte.<\/p>\n<p style=\"text-align: justify;\">Face \u00e0 une soci\u00e9t\u00e9 phallogocentriste, vici\u00e9e jusqu&rsquo;\u00e0 la langue, l&rsquo;h\u00e9ro\u00efne songera \u00e0 mettre en pratique le\u00a0<em>Scum Manifesto<\/em>\u00a0de Val\u00e9rie Solanas et divers ing\u00e9nieuses\u00a0techniques de castration, qui auraient pu lui valoir le Concours L\u00e9pine si elle n&rsquo;en avait fait de la litt\u00e9rature.<\/p>\n<h6 style=\"text-align: justify;\"><\/h6>\n<p style=\"text-align: center;\"><strong>Extrait : les trois premi\u00e8res pages<\/strong><\/p>\n<p style=\"text-align: justify;\"><img loading=\"lazy\" decoding=\"async\" class=\"size-medium wp-image-6148 alignleft\" src=\"https:\/\/chloedelaume.net\/wp-content\/uploads\/2023\/06\/41kjycnwzyl-ac-uf10001000-ql80-221x300.jpg\" alt=\"\" width=\"221\" height=\"300\" srcset=\"https:\/\/chloedelaume.net\/wp-content\/uploads\/2023\/06\/41kjycnwzyl-ac-uf10001000-ql80-221x300.jpg 221w, https:\/\/chloedelaume.net\/wp-content\/uploads\/2023\/06\/41kjycnwzyl-ac-uf10001000-ql80.jpg 735w\" sizes=\"auto, (max-width: 221px) 100vw, 221px\" \/>Le bouchon sauta. Sec. Trajectoire br\u00e8ve. Calculer mentalement le poids de l&rsquo;impact. Putain. Calculer. Dans cinq minutes je ramasse les copies. Putain. Calculer. Non mais moi je veux bien mais j&rsquo;ai pas la formule. La formule, putain, la formule. Calculer. Poids par distance par vitesse au carr\u00e9. Impossible. Rappelle-toi. Distance divis\u00e9e par vitesse au cube fois poids. Pas assez. Encore. Essaie. Encore. Lorsqu&rsquo;un corps en mouvement rencontre un corps immobile on dit : il y a collision. La formule. Un corps parfaitement \u00e9lastique opposerait \u00e0 une force de compression donn\u00e9e une force \u00e9lastique \u00e9gale en valeur absolue de sens contraire. D&rsquo;accord mais. La formule. Si nous appelons C la force de compression et E la force \u00e9lastique, l&rsquo;\u00e9lasticit\u00e9 est exprim\u00e9e par la relation C = E ou E\/C = 1; la valeur du rapport est de 15\/16 pour le verre, 8\/9 pour l&rsquo;ivoire, 5\/9 pour l&rsquo;acier. Combien pour le ressentiment. Je sais pas c&rsquo;\u00e9tait pas marqu\u00e9. Ca ne se calcule pas, le ressentiment. Non. R\u00e9fl\u00e9chis. Putain. R\u00e9fl\u00e9chis. Je cherche mais \u00e7a n&rsquo;existe pas. Ca intervient bien quelque part. Sur la masse le poids le volume. Le ressentiment. J&rsquo;en suis s\u00fbre. C&rsquo;est tellement \u00e9lastique, le ressentiment. Non. D\u00e9brouille-toi toute seule. Apr\u00e8s tout c&rsquo;\u00e9tait pas mon id\u00e9e.<\/p>\n<p style=\"text-align: justify;\">Pourtant. Je voudrais savoir. Je VEUX. C&rsquo;est important. Capital. Calculer le point de l&rsquo;impact. Putain. Excusez-moi d&rsquo;intervenir, mais il me semble que vous vous \u00e9garez un tantinet. Ce n&rsquo;est pas \u00e7a qui vous nous int\u00e9resse le plus au fond. C&rsquo;est la puissance. L&rsquo;intensit\u00e9. La mordorure. La qualit\u00e9 de la douleur au MOMENT du choc.<\/p>\n<p style=\"text-align: justify;\">La souffrance qui jaillit. Net. Qui se diffuse. Qui s&rsquo;infiltre le long des nervures qui se dandine sur les synapses qui tient les cellules en colloque qui au creux de chaque art\u00e8re trotte quand le bouchon avorte sa course en percutant comme par erreur LE COL DE L&rsquo;UTERUS.<\/p>\n<p style=\"text-align: justify;\">\u00a0<span style=\"text-align: justify;\">Au d\u00e9but. Je ne voulais pensais pas en arriver l\u00e0. S\u00e9rieusement. Si c&rsquo;est vrai. Et puis il elle sont all\u00e9s trop loin. Pass\u00e9 d\u00e9pass\u00e9 le ruisseau le buisson la for\u00eat magique orange go\u00fbt citron la maison berlingots de Baba la sorci\u00e8re tr\u00e8s gentille la cl\u00f4ture du jardin de Perlimpinpin et puis et puis voil\u00e0 c&rsquo;est pas de ma faute \u00e0 moi il a il a il a \u00e9t\u00e9 m\u00e9chant alors le lapin blanc a couru vers Alice je suis en retard qu&rsquo;il a dit terriblement en retard NOUS N&rsquo;IRONS PLUS AU BOIS LES LAURIERS SONT COUPES.<br \/>\n<\/span><\/p>\n<p style=\"text-align: justify;\"><span style=\"text-align: justify;\">Non. Moi non plus. C&rsquo;est s\u00fbr en fait. Je n&rsquo;imaginais pas \u00e7a comme \u00e7a. Mais aux grands maux LES GRANDS MOYENS. Et \u00e7a au moins \u00e7a se calcule. Moi je ne l&rsquo;ai jamais support\u00e9. Oui mais tu \u00e9tais la seule. Donc une minorit\u00e9. Je savais qu&rsquo;il fallait se m\u00e9fier. Tu \u00e9tais la seule et c&rsquo;est la REGLE. Il fallait me laisser mon veto. De quel droit. Pour qui elle se prend celle-l\u00e0 \u00e0 pr\u00e9sent c&rsquo;est toi enfin c&rsquo;est toi oui oui c&rsquo;est toi la plus parano. C&rsquo;est moi tout court. TOUT COURT. J&rsquo;ai dit. Chacune son r\u00f4le. Et retourne \u00e0 ta place. C&rsquo;est un peu facile tu crois pas toujours \u00e0 rejeter la A TA PLACE J&rsquo;AI DIT.<\/span><\/p>\n<div>\n<p style=\"text-align: justify;\">Il a il a il a dit il y a plusieurs amours possibles. Il a dit des diff\u00e9rentes sph\u00e8res satellitaires des diffusions \u00e9parses complexes et ramifi\u00e9es. Aussi. Mais moi je n&rsquo;y crois pas. Mais alors pas du tout. Moi non plus au cas o\u00f9 \u00e7a int\u00e9resse quelqu&rsquo;un. Il croit qu&rsquo;il va noyer le poisson. La baleine. Avec ses th\u00e9ories foireuses. Il nous prend pour des courges. Je vous l&rsquo;avait bien DIT. Alors voil\u00e0. C&rsquo;est comme \u00e7a. Il a il a il a il a il a il A TA PLACE. Maintenant on y est. Mais j&rsquo;aimerais tant savoir. Calculer. Putain. Calculer.<\/p>\n<p style=\"text-align: justify;\"><img loading=\"lazy\" decoding=\"async\" class=\"size-medium wp-image-6151 alignleft\" src=\"https:\/\/chloedelaume.net\/wp-content\/uploads\/2023\/06\/les-mouflettes-d-atropos-2-183x300.jpg\" alt=\"\" width=\"183\" height=\"300\" srcset=\"https:\/\/chloedelaume.net\/wp-content\/uploads\/2023\/06\/les-mouflettes-d-atropos-2-183x300.jpg 183w, https:\/\/chloedelaume.net\/wp-content\/uploads\/2023\/06\/les-mouflettes-d-atropos-2.jpg 400w\" sizes=\"auto, (max-width: 183px) 100vw, 183px\" \/>Epiderme vendetta r\u00e9fractaire. Effiloch\u00e9s brocarts et jambonneaux. La pulpe palpite. Parfois la lame d\u00e9rape sur l&rsquo;enduit du prurit. Sirop topaze minaudant puritain. Je veux la mettre \u00e0 nu. Le cuir fait r\u00e9sistance. Je t&rsquo;avais dit de l&rsquo;\u00e9bouillanter\u00a0<em>avant<\/em>. Ca facilite toujours. Le tissu conjonctif tente de me contrarier. Mais elle ne peut plus rien. Ligot\u00e9e \u00e0 l&rsquo;\u00e9tal elle g\u00e9mit pour la pause. Garrottant la d\u00e9cence qui lui fit tant d\u00e9faut. Elle sait que c&rsquo;est trop tard. Que je fouillerai en elle pour y trouver. Jusqu&rsquo;\u00e0 y trouver. Le motif est tapi quelque part j&rsquo;en suis s\u00fbre. Derri\u00e8re un intestin ou au d\u00e9tour d&rsquo;une valve. Aujourd&rsquo;hui c&rsquo;est aujourd&rsquo;hui qu&rsquo;enfin son corps m&rsquo;appartient \u00e0 trop vouloir par lui s&rsquo;\u00eatre fait poss\u00e9der.<\/p>\n<p style=\"text-align: justify;\">Alors j&rsquo;arrache. Je le remplis bon train le saladier cristallisation d\u00e9plac\u00e9e. J&rsquo;y entasse r\u00e9sidus sa peau de sycophante. Je percerai scalpel ou couteau japonais le secret giclera le pourquoi s&rsquo;\u00e9videra juteux mousseux viride ET CETTE FOIS JE SAURAI. Le c\u0153ur a ses raisons cach\u00e9es aux ventricules. Alors j&rsquo;arrache. Je d\u00e9piaute \u00e0 l&rsquo;oignon d&rsquo;o\u00f9 venait le d\u00e9sir. Oh le mignon petit monticule de chairs couperos\u00e9es LA BELLE QUE VOILA IRA LES RAMASSER.<\/p>\n<\/div>\n","protected":false},"excerpt":{"rendered":"<p>Ecrit entre 1997 et 1999,\u00a0Les Mouflettes d&rsquo;Atropos\u00a0est le premier roman de Chlo\u00e9 Delaume.\u00a0Publi\u00e9 en 2000 par les \u00e9ditions Farrago, il a \u00e9t\u00e9 r\u00e9\u00e9dit\u00e9 en Folio en 2002. Autofictif, fragmentaire et foutraque, ce texte retrace le parcours d&rsquo;une jeune femme \u00e9puis\u00e9e &hellip; <a href=\"https:\/\/chloedelaume.net\/?page_id=313\">Continuer la lecture <span class=\"meta-nav\">&rarr;<\/span><\/a><\/p>\n","protected":false},"author":2,"featured_media":0,"parent":111,"menu_order":0,"comment_status":"closed","ping_status":"open","template":"","meta":{"jetpack_post_was_ever_published":false,"footnotes":""},"class_list":["post-313","page","type-page","status-publish","hentry"],"jetpack_sharing_enabled":true,"jetpack_shortlink":"https:\/\/wp.me\/P3Xt8S-53","_links":{"self":[{"href":"https:\/\/chloedelaume.net\/index.php?rest_route=\/wp\/v2\/pages\/313","targetHints":{"allow":["GET"]}}],"collection":[{"href":"https:\/\/chloedelaume.net\/index.php?rest_route=\/wp\/v2\/pages"}],"about":[{"href":"https:\/\/chloedelaume.net\/index.php?rest_route=\/wp\/v2\/types\/page"}],"author":[{"embeddable":true,"href":"https:\/\/chloedelaume.net\/index.php?rest_route=\/wp\/v2\/users\/2"}],"replies":[{"embeddable":true,"href":"https:\/\/chloedelaume.net\/index.php?rest_route=%2Fwp%2Fv2%2Fcomments&post=313"}],"version-history":[{"count":53,"href":"https:\/\/chloedelaume.net\/index.php?rest_route=\/wp\/v2\/pages\/313\/revisions"}],"predecessor-version":[{"id":6152,"href":"https:\/\/chloedelaume.net\/index.php?rest_route=\/wp\/v2\/pages\/313\/revisions\/6152"}],"up":[{"embeddable":true,"href":"https:\/\/chloedelaume.net\/index.php?rest_route=\/wp\/v2\/pages\/111"}],"wp:attachment":[{"href":"https:\/\/chloedelaume.net\/index.php?rest_route=%2Fwp%2Fv2%2Fmedia&parent=313"}],"curies":[{"name":"wp","href":"https:\/\/api.w.org\/{rel}","templated":true}]}}