{"id":307,"date":"2012-12-12T04:39:26","date_gmt":"2012-12-12T03:39:26","guid":{"rendered":"http:\/\/wp.chloedelaume.r3zo.net\/?page_id=307"},"modified":"2023-06-09T03:23:36","modified_gmt":"2023-06-09T01:23:36","slug":"le-cri-du-sablier","status":"publish","type":"page","link":"https:\/\/chloedelaume.net\/?page_id=307","title":{"rendered":"Le Cri du Sablier"},"content":{"rendered":"<p>Ecrit en 2000, ce roman a \u00e9t\u00e9 publi\u00e9 en septembre 2001 aux Editions Farrago \/ L\u00e9o Scheer. Il a obtenu le Prix D\u00e9cembre 2001. R\u00e9\u00e9dition en Folio en 2003. Traduit en allemand et en espagnol.<\/p>\n<p><img loading=\"lazy\" decoding=\"async\" class=\"size-medium wp-image-6154 alignleft\" src=\"https:\/\/chloedelaume.net\/wp-content\/uploads\/2023\/06\/9782844900722-475x500-1-180x300.jpg\" alt=\"\" width=\"180\" height=\"300\" srcset=\"https:\/\/chloedelaume.net\/wp-content\/uploads\/2023\/06\/9782844900722-475x500-1-180x300.jpg 180w, https:\/\/chloedelaume.net\/wp-content\/uploads\/2023\/06\/9782844900722-475x500-1.jpg 300w\" sizes=\"auto, (max-width: 180px) 100vw, 180px\" \/><\/p>\n<p style=\"text-align: justify;\">Ici il est question en trois actes d&rsquo;une vie marqu\u00e9e par la violence de la figure du p\u00e8re. Un roman familial, le drame qui va avec. Contrer une identit\u00e9\u00a0morcel\u00e9e\u00a0d\u00e8s l&rsquo;enfance, se reconstruire par la langue, faire acte de r\u00e9silience par le biais de l&rsquo;autofiction. Revenir sur les ruines, contempler l&rsquo;incendie et n&#8217;emporter que le feu.<\/p>\n<p style=\"text-align: justify;\">R\u00e9miniscences diverses, souvenirs de banlieues. La gestion de la douleur \u00e0 travers les ann\u00e9es, le quotidien s&rsquo;endeuille, l&rsquo;adolescence s&rsquo;\u00e9graine en gribouillis acides. Bient\u00f4t appara\u00eet la jeune fille, sa propre chair sera fiction pour \u00e9chapper \u00e0 ce r\u00e9el qui rabote de d\u00e9terminismes.<\/p>\n<p style=\"text-align: justify;\">La syntaxe est heurt\u00e9e, malmen\u00e9e, \u00e0 l&rsquo;image du corps de l&rsquo;enfant. La rythmique suit souvent celle de l&rsquo;alexandrin, prose grouillante de vers blancs, \u00e0 l&rsquo;instar des parents pourrissants sous la terre. Parce que la trag\u00e9die et la notion de fatum r\u00f4dent dans la biographie, des r\u00e9pliques de Racine sont souvent inject\u00e9e. L&rsquo;aspect r\u00e9f\u00e9rentiel est d&rsquo;ailleurs tr\u00e8s pr\u00e9sent, les cuts en italique. Chansons, po\u00e8mes et autres.<\/p>\n<p style=\"text-align: justify;\">Ici se veut un cri qui d\u00e9chire le silence, trouver, poser sa voix, pour mettre fin au r\u00e8gne du fant\u00f4me tyrannique. Atomiser la peur, les fictions familiales, les sales petits secrets gardiens de la soumission. Refuser que perdure le statut\u00a0de victime, avec pour armes l&rsquo;humour et la litt\u00e9rature.<\/p>\n<h1 style=\"text-align: center;\">\u00a0 \u00a0 \u00a0 \u00a0 \u00a0 \u00a0 \u00a0 \u00a0 \u00a0 \u00a0 \u00a0 \u00a0 \u00a0 \u00a0 \u00a0<strong>\u00a0 Extrait : les premi\u00e8res pages<\/strong><\/h1>\n<h1 style=\"text-align: center;\"><\/h1>\n<p style=\"text-align: justify;\"><img loading=\"lazy\" decoding=\"async\" class=\"size-medium wp-image-6155 alignleft\" src=\"https:\/\/chloedelaume.net\/wp-content\/uploads\/2023\/06\/71pnt15mmkl-ac-uf10001000-ql80-193x300.jpg\" alt=\"\" width=\"193\" height=\"300\" srcset=\"https:\/\/chloedelaume.net\/wp-content\/uploads\/2023\/06\/71pnt15mmkl-ac-uf10001000-ql80-193x300.jpg 193w, https:\/\/chloedelaume.net\/wp-content\/uploads\/2023\/06\/71pnt15mmkl-ac-uf10001000-ql80.jpg 642w\" sizes=\"auto, (max-width: 193px) 100vw, 193px\" \/><\/p>\n<p style=\"text-align: justify;\">Les hommes nombreux forc\u00e8rent la porte. R\u00e9fugi\u00e9e au-dedans je ne pouvais qu&rsquo;entendre. A l&rsquo;h\u00f4pital dit l&rsquo;un trop tard not\u00e8rent les autres. Leurs semelles dans les flaques ils investirent le crime. Se gorg\u00e8rent du r\u00e9el avec satisfaction. Ils aspiraient chaque goutte pour se forcer \u00e0 croire pour se forcer \u00e0 dire j&rsquo;y \u00e9tais sans la peur sans le d\u00e9go\u00fbt sans choc sans envier la cr\u00e9celle de l&rsquo;enfant moite d&rsquo;A+. Ils salivaient chaque touffe de cervelle enchevel\u00e9e pour se forcer \u00e0 croire pour se forcer \u00e0 dire je suis venu pour vaincre et non pour regarder. Par dessus la cro\u00fbte fine de maman sur ma robe s&rsquo;\u00e9tala contigu\u00eb la m\u00e9lassonne piti\u00e9 le jus du parvenu la d\u00e9jection des pleutres qui jalousent en geignant le clinamen aride qui s&rsquo;abat sur tous ceux ornant les faits divers. L&rsquo;un d&rsquo;entre eux au salon saisit le t\u00e9l\u00e9phone. Ch\u00e9rie je rentrerai tard, fais-les d\u00eener sans moi. Non les c\u00f4telettes je les ferai griller demain dans le jardin. Mais oui le temps sera cl\u00e9ment, nous avons eu un magnifique mois de juin.<\/p>\n<p style=\"text-align: justify;\">Ce n&rsquo;est pas un spectacle pour les enfants. Conclurent-ils de concert le choeur sut s&rsquo;accrocher. Dans la cage d&rsquo;escalier la ribambelle noircie. La concierge coryphait le kleenex \u00e0 la main. Vacillante aux cothurnes le vernis fut bross\u00e9. A la mont\u00e9e des marches le silence s&rsquo;imposa dans la cr\u00e9meuse tension qui suit l&rsquo;extr\u00e8me-onction. La voisine du dessus m&rsquo;exposa dans sa chambre. Arrangea les coussins et alla faire du th\u00e9. Tasse chinoise un par un ils entr\u00e8rent dans la pi\u00e8ce. Comment\u00e8rent l&rsquo;orpheline \u00e9tonnant sp\u00e9cimen. Dodelinant pauvre femme en scrutant au carreau la civi\u00e8re d\u00e9bordante. Puis revenaient \u00e0 moi pour bien palper le mal. S&rsquo;approprier une bribe de douleur in\u00e9dite. Comme la sainte biblique viol\u00e9e par les soldats qui creva au matin l&rsquo;ut\u00e9rus gangren\u00e9, sur le matelas percale ils \u00e9cart\u00e8rent chaque pli fouillant au plus profond pour y gicler bien fort leur fructose compassion.<\/p>\n<p style=\"text-align: justify;\">La moiteur et l&rsquo;Earl Grey embuaient jusqu&rsquo;au sommier. Une feinte lacrymale s&rsquo;\u00e9crasa sur mon coude. Br\u00fblure vive \u00e9trang\u00e8re souillure de l&rsquo;inconnu. La source n&rsquo;y pris pas garde. Elle la croyait offrande cette saloperie de larme cet immondice salin qui s&rsquo;infiltra aux pores laissant une ecchymose au rond du cartilage. Autour de mon estrade j&rsquo;entendais rire les gnomes applaudir au grand cirque farandolant l&rsquo;entr\u00e9e le chant des partisans\u00a0<em>you are now one of us<\/em>\u00a0tu monnaieras haut prix ta monstruosit\u00e9. Mon diam\u00e8tre occulaire s&rsquo;agrandit \u00e0 jamais. Mon diad\u00e8me dilettante s&rsquo;accrocha au filet. La coiffe est impavide le chignon retrouss\u00e9.<\/p>\n<p style=\"text-align: justify;\">Le commissaire entra. Dissipa les badauds. Sur le si\u00e8ge moleskine de la Renault flicaille la fen\u00eatre entrouverte laissait tomber goutelettes car le temps se couvrait. Le gris inopportun du trente \u00e0 dix-neuf heures. L&rsquo;espoir restait intact commenta la radio : nous avons eu un magnifique mois de juin.<\/p>\n<p style=\"text-align: justify;\">\n<p><em style=\"text-align: justify;\"><img loading=\"lazy\" decoding=\"async\" class=\"size-medium wp-image-6161 alignleft\" src=\"https:\/\/chloedelaume.net\/wp-content\/uploads\/2023\/06\/media-212x300.jpg\" alt=\"\" width=\"212\" height=\"300\" srcset=\"https:\/\/chloedelaume.net\/wp-content\/uploads\/2023\/06\/media-212x300.jpg 212w, https:\/\/chloedelaume.net\/wp-content\/uploads\/2023\/06\/media.jpg 723w\" sizes=\"auto, (max-width: 212px) 100vw, 212px\" \/>Le Cri du Sablier<\/em><span style=\"text-align: justify;\"> a fait l&rsquo;objet de plusieurs adaptations. \u00a0<\/span><\/p>\n<p><span style=\"text-align: justify;\">Une fiction radiophonique de Sophie Couronne, avec la voix de Garance Clavel, r\u00e9alis\u00e9e par Jacques Taroni en 2006, \u00a0diffus\u00e9e depuis \u00e0 maintes reprises sur France Culture. En 2003 Thierry Mora a adapt\u00e9 le texte pour le th\u00e9\u00e2tre, avec Margarida Guia. EN 2006, Hauke Lanz et Katrin Hentschel mettent en sc\u00e8ne en Allemagne leur version du texte : Angstblau. En 2009, Renaud Coulon en fait un court m\u00e9trage, produit par Al Dente Films.<\/span><\/p>\n<p style=\"text-align: justify;\"><!--more--><!--more--><\/p>\n<p><span style=\"text-align: justify;\">\u00a0 \u00a0\u00a0\u00a0 \u00a0 \u00a0\u00a0\u00a0 \u00a0 \u00a0\u00a0 \u00a0 \u00a0 \u00a0<\/span><\/p>\n","protected":false},"excerpt":{"rendered":"<p>Ecrit en 2000, ce roman a \u00e9t\u00e9 publi\u00e9 en septembre 2001 aux Editions Farrago \/ L\u00e9o Scheer. Il a obtenu le Prix D\u00e9cembre 2001. R\u00e9\u00e9dition en Folio en 2003. Traduit en allemand et en espagnol. Ici il est question en &hellip; <a href=\"https:\/\/chloedelaume.net\/?page_id=307\">Continuer la lecture <span class=\"meta-nav\">&rarr;<\/span><\/a><\/p>\n","protected":false},"author":2,"featured_media":0,"parent":111,"menu_order":0,"comment_status":"closed","ping_status":"open","template":"","meta":{"jetpack_post_was_ever_published":false,"footnotes":""},"class_list":["post-307","page","type-page","status-publish","hentry"],"jetpack_sharing_enabled":true,"jetpack_shortlink":"https:\/\/wp.me\/P3Xt8S-4X","_links":{"self":[{"href":"https:\/\/chloedelaume.net\/index.php?rest_route=\/wp\/v2\/pages\/307","targetHints":{"allow":["GET"]}}],"collection":[{"href":"https:\/\/chloedelaume.net\/index.php?rest_route=\/wp\/v2\/pages"}],"about":[{"href":"https:\/\/chloedelaume.net\/index.php?rest_route=\/wp\/v2\/types\/page"}],"author":[{"embeddable":true,"href":"https:\/\/chloedelaume.net\/index.php?rest_route=\/wp\/v2\/users\/2"}],"replies":[{"embeddable":true,"href":"https:\/\/chloedelaume.net\/index.php?rest_route=%2Fwp%2Fv2%2Fcomments&post=307"}],"version-history":[{"count":103,"href":"https:\/\/chloedelaume.net\/index.php?rest_route=\/wp\/v2\/pages\/307\/revisions"}],"predecessor-version":[{"id":6169,"href":"https:\/\/chloedelaume.net\/index.php?rest_route=\/wp\/v2\/pages\/307\/revisions\/6169"}],"up":[{"embeddable":true,"href":"https:\/\/chloedelaume.net\/index.php?rest_route=\/wp\/v2\/pages\/111"}],"wp:attachment":[{"href":"https:\/\/chloedelaume.net\/index.php?rest_route=%2Fwp%2Fv2%2Fmedia&parent=307"}],"curies":[{"name":"wp","href":"https:\/\/api.w.org\/{rel}","templated":true}]}}

<p>Ecrit en 2000, ce roman a été publié en septembre 2001 aux Editions Farrago / Léo Scheer. Il a obtenu le Prix Décembre 2001. Réédition en Folio en 2003. Traduit en allemand et en espagnol.</p>
<p><img loading="lazy" decoding="async" class="size-medium wp-image-6154 alignleft" src="https://chloedelaume.net/wp-content/uploads/2023/06/9782844900722-475x500-1-180x300.jpg" alt="" width="180" height="300" srcset="https://chloedelaume.net/wp-content/uploads/2023/06/9782844900722-475x500-1-180x300.jpg 180w, https://chloedelaume.net/wp-content/uploads/2023/06/9782844900722-475x500-1.jpg 300w" sizes="auto, (max-width: 180px) 100vw, 180px" /></p>
<p style="text-align: justify;">Ici il est question en trois actes d&rsquo;une vie marquée par la violence de la figure du père. Un roman familial, le drame qui va avec. Contrer une identité morcelée dès l&rsquo;enfance, se reconstruire par la langue, faire acte de résilience par le biais de l&rsquo;autofiction. Revenir sur les ruines, contempler l&rsquo;incendie et n&#8217;emporter que le feu.</p>
<p style="text-align: justify;">Réminiscences diverses, souvenirs de banlieues. La gestion de la douleur à travers les années, le quotidien s&rsquo;endeuille, l&rsquo;adolescence s&rsquo;égraine en gribouillis acides. Bientôt apparaît la jeune fille, sa propre chair sera fiction pour échapper à ce réel qui rabote de déterminismes.</p>
<p style="text-align: justify;">La syntaxe est heurtée, malmenée, à l&rsquo;image du corps de l&rsquo;enfant. La rythmique suit souvent celle de l&rsquo;alexandrin, prose grouillante de vers blancs, à l&rsquo;instar des parents pourrissants sous la terre. Parce que la tragédie et la notion de fatum rôdent dans la biographie, des répliques de Racine sont souvent injectée. L&rsquo;aspect référentiel est d&rsquo;ailleurs très présent, les cuts en italique. Chansons, poèmes et autres.</p>
<p style="text-align: justify;">Ici se veut un cri qui déchire le silence, trouver, poser sa voix, pour mettre fin au règne du fantôme tyrannique. Atomiser la peur, les fictions familiales, les sales petits secrets gardiens de la soumission. Refuser que perdure le statut de victime, avec pour armes l&rsquo;humour et la littérature.</p>
<h1 style="text-align: center;">                             <strong>  Extrait : les premières pages</strong></h1>
<h1 style="text-align: center;"></h1>
<p style="text-align: justify;"><img loading="lazy" decoding="async" class="size-medium wp-image-6155 alignleft" src="https://chloedelaume.net/wp-content/uploads/2023/06/71pnt15mmkl-ac-uf10001000-ql80-193x300.jpg" alt="" width="193" height="300" srcset="https://chloedelaume.net/wp-content/uploads/2023/06/71pnt15mmkl-ac-uf10001000-ql80-193x300.jpg 193w, https://chloedelaume.net/wp-content/uploads/2023/06/71pnt15mmkl-ac-uf10001000-ql80.jpg 642w" sizes="auto, (max-width: 193px) 100vw, 193px" /></p>
<p style="text-align: justify;">Les hommes nombreux forcèrent la porte. Réfugiée au-dedans je ne pouvais qu&rsquo;entendre. A l&rsquo;hôpital dit l&rsquo;un trop tard notèrent les autres. Leurs semelles dans les flaques ils investirent le crime. Se gorgèrent du réel avec satisfaction. Ils aspiraient chaque goutte pour se forcer à croire pour se forcer à dire j&rsquo;y étais sans la peur sans le dégoût sans choc sans envier la crécelle de l&rsquo;enfant moite d&rsquo;A+. Ils salivaient chaque touffe de cervelle enchevelée pour se forcer à croire pour se forcer à dire je suis venu pour vaincre et non pour regarder. Par dessus la croûte fine de maman sur ma robe s&rsquo;étala contiguë la mélassonne pitié le jus du parvenu la déjection des pleutres qui jalousent en geignant le clinamen aride qui s&rsquo;abat sur tous ceux ornant les faits divers. L&rsquo;un d&rsquo;entre eux au salon saisit le téléphone. Chérie je rentrerai tard, fais-les dîner sans moi. Non les côtelettes je les ferai griller demain dans le jardin. Mais oui le temps sera clément, nous avons eu un magnifique mois de juin.</p>
<p style="text-align: justify;">Ce n&rsquo;est pas un spectacle pour les enfants. Conclurent-ils de concert le choeur sut s&rsquo;accrocher. Dans la cage d&rsquo;escalier la ribambelle noircie. La concierge coryphait le kleenex à la main. Vacillante aux cothurnes le vernis fut brossé. A la montée des marches le silence s&rsquo;imposa dans la crémeuse tension qui suit l&rsquo;extrème-onction. La voisine du dessus m&rsquo;exposa dans sa chambre. Arrangea les coussins et alla faire du thé. Tasse chinoise un par un ils entrèrent dans la pièce. Commentèrent l&rsquo;orpheline étonnant spécimen. Dodelinant pauvre femme en scrutant au carreau la civière débordante. Puis revenaient à moi pour bien palper le mal. S&rsquo;approprier une bribe de douleur inédite. Comme la sainte biblique violée par les soldats qui creva au matin l&rsquo;utérus gangrené, sur le matelas percale ils écartèrent chaque pli fouillant au plus profond pour y gicler bien fort leur fructose compassion.</p>
<p style="text-align: justify;">La moiteur et l&rsquo;Earl Grey embuaient jusqu&rsquo;au sommier. Une feinte lacrymale s&rsquo;écrasa sur mon coude. Brûlure vive étrangère souillure de l&rsquo;inconnu. La source n&rsquo;y pris pas garde. Elle la croyait offrande cette saloperie de larme cet immondice salin qui s&rsquo;infiltra aux pores laissant une ecchymose au rond du cartilage. Autour de mon estrade j&rsquo;entendais rire les gnomes applaudir au grand cirque farandolant l&rsquo;entrée le chant des partisans <em>you are now one of us</em> tu monnaieras haut prix ta monstruosité. Mon diamètre occulaire s&rsquo;agrandit à jamais. Mon diadème dilettante s&rsquo;accrocha au filet. La coiffe est impavide le chignon retroussé.</p>
<p style="text-align: justify;">Le commissaire entra. Dissipa les badauds. Sur le siège moleskine de la Renault flicaille la fenêtre entrouverte laissait tomber goutelettes car le temps se couvrait. Le gris inopportun du trente à dix-neuf heures. L&rsquo;espoir restait intact commenta la radio : nous avons eu un magnifique mois de juin.</p>
<p style="text-align: justify;">
<p><em style="text-align: justify;"><img loading="lazy" decoding="async" class="size-medium wp-image-6161 alignleft" src="https://chloedelaume.net/wp-content/uploads/2023/06/media-212x300.jpg" alt="" width="212" height="300" srcset="https://chloedelaume.net/wp-content/uploads/2023/06/media-212x300.jpg 212w, https://chloedelaume.net/wp-content/uploads/2023/06/media.jpg 723w" sizes="auto, (max-width: 212px) 100vw, 212px" />Le Cri du Sablier</em><span style="text-align: justify;"> a fait l&rsquo;objet de plusieurs adaptations.  </span></p>
<p><span style="text-align: justify;">Une fiction radiophonique de Sophie Couronne, avec la voix de Garance Clavel, réalisée par Jacques Taroni en 2006,  diffusée depuis à maintes reprises sur France Culture. En 2003 Thierry Mora a adapté le texte pour le théâtre, avec Margarida Guia. EN 2006, Hauke Lanz et Katrin Hentschel mettent en scène en Allemagne leur version du texte : Angstblau. En 2009, Renaud Coulon en fait un court métrage, produit par Al Dente Films.</span></p>
<p style="text-align: justify;"><!--more--><!--more--></p>
<p><span style="text-align: justify;">                      </span></p>

<p>Ecrit en 2000, ce roman a été publié en septembre 2001 aux Editions Farrago / Léo Scheer. Il a obtenu le Prix Décembre 2001. Réédition en Folio en 2003. Traduit en allemand et en espagnol. Ici il est question en &hellip; <a href="https://chloedelaume.net/?page_id=307">Continuer la lecture <span class="meta-nav">&rarr;</span></a></p>
