{"id":275,"date":"2012-12-12T02:08:41","date_gmt":"2012-12-12T01:08:41","guid":{"rendered":"http:\/\/wp.chloedelaume.r3zo.net\/?page_id=275"},"modified":"2015-07-06T11:39:51","modified_gmt":"2015-07-06T09:39:51","slug":"transhumances","status":"publish","type":"page","link":"https:\/\/chloedelaume.net\/?page_id=275","title":{"rendered":"Transhumances"},"content":{"rendered":"<h6>Editions \u00e8\u00aee, o<span style=\"font-size: 14px;\">ctobre 2007.<\/span><\/h6>\n<p>&nbsp;<\/p>\n<p style=\"text-align: justify;\"><img loading=\"lazy\" decoding=\"async\" class=\"alignleft size-full wp-image-2135\" title=\"transhumances\" src=\"http:\/\/wp.chloedelaume.r3zo.net\/wp-content\/uploads\/2012\/12\/arton27-49255.jpg\" alt=\"\" width=\"114\" height=\"171\" \/>Ils sont quatre. Deux hommes, deux femmes. La for\u00eat est \u00e9paisse, les points cardinaux indistincts.<\/p>\n<p style=\"text-align: justify;\">Ils cherchent le Sud mais ignorent ce qu&rsquo;ils fuient autant que ce qu&rsquo;ils sont.<\/p>\n<p style=\"text-align: justify;\">Ils effectuent la Transhumance. Et en soi, c&rsquo;est tout un programme.<\/p>\n<p style=\"text-align: justify;\">Fiction radiophonique r\u00e9alis\u00e9e par\u00a0Christine Bernard-Sugy en 2006, diffus\u00e9e \u00e0 plusieurs reprises depuis sa cr\u00e9ation sur France Culture.<\/p>\n<p>&nbsp;<\/p>\n<p>&nbsp;<\/p>\n<p><strong>Premi\u00e8res pages<\/strong><\/p>\n<p><em>On entend un petit groupe de quatre personnes marcher en lisi\u00e8re de for\u00eat<\/em>.<\/p>\n<p><strong>Gilles<\/strong><br \/>\nFaut prendre \u00e0 l&rsquo;Ouest, faut toujours prendre \u00e0 l&rsquo;Ouest.<\/p>\n<p><strong>Fran\u00e7oise<\/strong><br \/>\nJe ne vois pas pourquoi, t&rsquo;en sais rien, \u00e7a fait des jours que t&rsquo;en sais rien, si \u00e7a se trouve on est revenus sur nos pas, fallait pas suivre la rivi\u00e8re.<\/p>\n<p><strong>Gilles<\/strong><br \/>\nFaut toujours prendre \u00e0 l&rsquo;Ouest, les r\u00e9fugi\u00e9s vont toujours vers l&rsquo;Ouest, c&rsquo;est la seule fa\u00e7on d&rsquo;\u00eatre sauv\u00e9s.<\/p>\n<p><strong>Charles<\/strong><br \/>\nArr\u00eatez-moi si je me trompe\u2026<\/p>\n<p><em>Tous s&rsquo;arr\u00eatent<\/em>.<\/p>\n<p><strong>Charles<\/strong><br \/>\n\u2026mais attendu que : R\u00e9fugi\u00e9, adjectif et nom, 1435, de se r\u00e9fugier. Se dit d&rsquo;une personne qui a d\u00fb fuir son pays d&rsquo;origine afin d&rsquo;\u00e9chapper \u00e0 un danger (guerre, pers\u00e9cutions politiques ou religieuses etc.), nous n&rsquo;avons aucune raison de prendre \u00e0 l&rsquo;Ouest.<\/p>\n<p><strong>L\u00e9onore<\/strong><br \/>\nC&rsquo;est vrai que c&rsquo;est pas du tout logique. Faut aller \u00e0 l&rsquo;Est, du coup.<\/p>\n<p><strong>Charles<\/strong><br \/>\nNon, au Sud.<\/p>\n<p><strong>L\u00e9onore<\/strong><br \/>\nMais puisque qu&rsquo;on n&rsquo;a pas chang\u00e9 de pays, faut qu&rsquo;on marche vers l&rsquo;Est !<\/p>\n<p><strong>Gilles<\/strong>\u00a0<em>(reprenant la marche)<\/em><br \/>\nOn continue par l\u00e0 jusqu&rsquo;au prochain croisement de sentiers et \u00e0 ce moment-l\u00e0 on en reparle.<\/p>\n<p><em>Tous font de m\u00eame.<\/em><\/p>\n<p><strong>Fran\u00e7oise<\/strong><br \/>\nC&rsquo;est la Fabrique qu&rsquo;il faut \u00e9viter de croiser. L\u00e0-bas ils ont besoin d&rsquo;eau, c&rsquo;est comme pour nous, personne peut vivre sans eau, partout o\u00f9 il y a de l&rsquo;eau faut se m\u00e9fier.<\/p>\n<p><strong>Gilles<\/strong><br \/>\nLes chacals voyagent m\u00eame dessous, c&rsquo;est vrai qu&rsquo;il faut faire attention.<\/p>\n<p><strong>Fran\u00e7oise<\/strong><br \/>\nMais toi tu ne t&rsquo;en \u00e9loignes jamais de l&rsquo;eau, \u00e0 croire que tu veux les rejoindre.<\/p>\n<p><strong>Gilles<\/strong><br \/>\nTa Fabrique rien ne prouve qu&rsquo;elle soit ici ou m\u00eame ailleurs, Fran\u00e7oise. Alors on va se contenter de rejoindre cette foutue zone bleue en prenant par l\u00e0 et c&rsquo;est tout.<br \/>\n<strong><br \/>\nFran\u00e7oise<\/strong><br \/>\nNon.<\/p>\n<p><strong>Gilles<\/strong><br \/>\nComment \u00e7a, non ?<\/p>\n<p><strong>Fran\u00e7oise<\/strong><br \/>\nT&rsquo;en sais rien de o\u00f9 on est. Depuis que t&rsquo;as la migraine t&rsquo;as perdu jusqu&rsquo;\u00e0 ton instinct, je vois pas comment tu pourrais trouver le bon chemin, t&rsquo;as le ciboulot en girouette. Reconnais-le, Gilles, au point o\u00f9 on en est que veux-tu que \u00e7a change.<br \/>\n<strong><br \/>\nGilles<\/strong><br \/>\nCa change que j&rsquo;ai peut-\u00eatre mal \u00e0 la t\u00eate mais je l&rsquo;ai gard\u00e9e bien mieux que vous. Et que si je dis que c&rsquo;est vers l&rsquo;Ouest ce n&rsquo;est pas pour rien.<br \/>\n<em><br \/>\nGilles les distance.<\/em><\/p>\n<p><strong>L\u00e9onore<\/strong><br \/>\nAu croisement on fait quoi alors ?<\/p>\n<p><strong>Charles<\/strong><br \/>\nJe pr\u00e9conise vivement le Sud.<\/p>\n<p><strong>Fran\u00e7oise<\/strong><br \/>\nCharles, je ne comprends pas que vous vous y mettiez.<\/p>\n<p><strong>Charles<\/strong><br \/>\nAu Sud de tout il fait plus chaud, tant qu&rsquo;\u00e0 faire une zone, bleue ou non, le Sud me semble plus indiqu\u00e9. Et puis en cas d&rsquo;erreur, songez que la machinerie supporte mal le climat, aucun risque vers le Sud de croiser La Fabrique ou une de ses annexes\u2026<\/p>\n<p><strong>Fran\u00e7oise<\/strong><br \/>\nEt \u00e0 partir de quoi vous le pointez le Sud? On n&rsquo;a rien qui\u2026<\/p>\n<p><strong>Charles<\/strong><br \/>\nPermettez, on peut tr\u00e8s bien distinguer les points cardinaux sans boussole. Il suffit pour \u00e7a du soleil.<\/p>\n<p><strong>Fran\u00e7oise<\/strong><br \/>\nVous en voyez du soleil, vous ?<\/p>\n<p><strong>L\u00e9onore<\/strong><br \/>\nEt avec la mousse sur les arbres, aussi.<\/p>\n<p><strong>Charles<\/strong><br \/>\nNon, il n&rsquo;y a pas de soleil, d&rsquo;accord. Mais avec les \u00e9toiles on peut.<\/p>\n<p><strong>Fran\u00e7oise<\/strong><br \/>\nIl n&rsquo;y a pas de mousse, il n&rsquo;y a que des feuilles et des troncs secs, il n&rsquo;y a pas d&rsquo;\u00e9toiles non plus.<\/p>\n<p><strong>Charles<\/strong><br \/>\nAlors disons : nous aurions pu.<\/p>\n<p><strong>Fran\u00e7oise<\/strong><br \/>\nM\u00eame si il y en avait on ne serait pas capable de se d\u00e9brouiller. C&rsquo;est toujours facile sur papier, mais il faut avoir \u00e9t\u00e9 scout ou avoir habit\u00e9 \u00e0 la campagne ou avoir eu le prix de sciences \u00e0 l&rsquo;\u00e9cole pour pouvoir l&rsquo;appliquer. Depuis qu&rsquo;on est dehors on n&rsquo;avance pas, on se perd.<\/p>\n<p><strong>Charles<\/strong><br \/>\nOn a toujours \u00e9t\u00e9 perdus, Fran\u00e7oise, toujours \u00e9t\u00e9 perdus.<\/p>\n<p><strong>Gilles<\/strong><br \/>\nJ&rsquo;avais un moyen mn\u00e9motechnique, moi.<\/p>\n<p><strong>Fran\u00e7oise<\/strong><br \/>\nL\u00e9onore d\u00e9p\u00eache-toi un peu, on y est presque.<\/p>\n<p><strong>Gilles<\/strong><br \/>\nJe ne sais plus o\u00f9 je l&rsquo;ai foutu.<\/p>\n<p><strong>L\u00e9onore<\/strong><br \/>\nOn pourra faire une pause pendant qu&rsquo;on d\u00e9cide du chemin ? On n&rsquo;arr\u00eate pas de marcher, je m&rsquo;ennuie.<\/p>\n<p><strong>Charles<\/strong><br \/>\nNous ferons une pause \u00e0 condition que tu acc\u00e9l\u00e8res.<\/p>\n<p><strong>Gilles<\/strong><br \/>\nC&rsquo;\u00e9tait simple en plus\u2026<\/p>\n<p><em>Tous rejoignent Gilles \u00e0 la crois\u00e9e des sentiers.<\/em><\/p>\n<p><strong>Gilles<\/strong><br \/>\nSur les cartes de g\u00e9ographie, \u00e0 l&rsquo;\u00e9cole, \u00e0 droite de la carte il y avait quoi, comme pays ?<\/p>\n<p><strong>L\u00e9onore<\/strong><br \/>\nL&rsquo;\u00e9tranger.<\/p>\n<p><strong>Gilles<\/strong><br \/>\nJe parle des cartes d&rsquo;avant, L\u00e9o. T&rsquo;as pas du les conna\u00eetre.<\/p>\n<p><strong>L\u00e9onore<\/strong><br \/>\nY avait quoi d&rsquo;autre alors ?<\/p>\n<p><strong>Fran\u00e7oise<\/strong><br \/>\nA droite ? Les pays de l&rsquo;Est, entre autre.<\/p>\n<p><em>Fran\u00e7oise et Charles posent leurs sacs et s&rsquo;assoient. Fran\u00e7oise s&rsquo;installe, boit un peu d&rsquo;eau\u2026<\/em><\/p>\n<p><strong>Gilles<\/strong><br \/>\nDonc, si je suis devant la carte, l&rsquo;Est est \u00e0 ma droite. Evidemment, l&rsquo;Est \u00e0 droite, les communistes \u00e0 droite, dans le monde r\u00e9ellement renvers\u00e9 le vrai est un moment du faux, l&rsquo;Est \u00e0 la droite de l&rsquo;homme, l&rsquo;Ouest \u00e0 sa gauche, \u00e0 sa gauche la main gauche le Diable, le Nord en face, le Sud derri\u00e8re, tout derri\u00e8re moi.<\/p>\n<p><strong>Charles<\/strong><br \/>\nVous \u00eates \u00e9gocentrique.<\/p>\n<p><strong>Gilles<\/strong><br \/>\nJe ne suis pas \u00e9gocentrique.<\/p>\n<p><strong>Charles<\/strong><br \/>\nLoin de moi l&rsquo;id\u00e9e de vous froisser, mais c&rsquo;est un fait.<\/p>\n<p><strong>Gilles<\/strong><br \/>\nLe seul rep\u00e8re que j&rsquo;ai ici, c&rsquo;est moi. Je fais avec.<\/p>\n<p><strong>Charles<\/strong><br \/>\nEgocentrisme. Nom masculin, 1923. Tendance \u00e0 \u00eatre centr\u00e9 sur soi-m\u00eame et \u00e0 ne consid\u00e9rer le monde ext\u00e9rieur qu&rsquo;en fonction de l&rsquo;int\u00e9r\u00eat qu&rsquo;on se porte.<\/p>\n<p><strong>Gilles<\/strong><br \/>\nJe ne me porte pas d&rsquo;int\u00e9r\u00eat. Je me porte. C&rsquo;est beaucoup plus contraignant que ce que vous vous imaginez.<\/p>\n<p><strong>Charles<\/strong><br \/>\nCaract\u00e8re individuel, non social, se traduisant par l&rsquo;absence d&rsquo;objectivit\u00e9.<br \/>\n<strong><br \/>\nL\u00e9onore<\/strong><br \/>\nAlors c&rsquo;est bien ce que je disais : objectivement il faut aller vers l&rsquo;Est. On doit prendre \u00e0 droite de qui ?<\/p>\n<p><strong>Fran\u00e7oise<\/strong><br \/>\nAssieds-toi, L\u00e9onore, et arr\u00eate de tournicoter tu me donnes la naus\u00e9e. De toute fa\u00e7on, tant qu&rsquo;\u00e0 prendre une direction, autant aller au Sud, Charles a raison. Mais le Sud faut le trouver, il est par o\u00f9, l\u00e0, l\u00e0 ou l\u00e0 ou bien\u2026<\/p>\n<p>L\u00e9onore<br \/>\n\u2026L\u00e0, l\u00e0 l\u00e0 l\u00e0 ou l\u00e0, l\u00e0 l\u00e0 l\u00e0 l\u00e0 ou l\u00e0, l\u00e0 l\u00e0 l\u00e0 l\u00e0 ou l\u00e0\u2026<\/p>\n<p><strong>Charles<\/strong><br \/>\nPar l\u00e0, puisque Gilles a dit derri\u00e8re lui : le Sud.<\/p>\n<p><strong>Fran\u00e7oise<\/strong><br \/>\nMais Gilles raconte n&rsquo;importe quoi, enfin vous l&rsquo;avez dit vous-m\u00eame.<\/p>\n<p><strong>Charles<\/strong><br \/>\nJe n&rsquo;ai pas dit qu&rsquo;il racontait n&rsquo;importe quoi. J&rsquo;ai dit qu&rsquo;il \u00e9tait \u00e9gocentrique\u2026<\/p>\n<p><strong>L\u00e9onore<\/strong><br \/>\nM\u00eame que Gilles n&rsquo;\u00e9tait pas d&rsquo;accord du tout.<\/p>\n<p><strong>Charles<\/strong><br \/>\n\u2026c&rsquo;est radicalement diff\u00e9rent.<\/p>\n<p><strong>L\u00e9onore<\/strong><br \/>\nMais avouez que ce n&rsquo;\u00e9tait pas tr\u00e8s gentil.<\/p>\n<p><strong>Gilles<\/strong><br \/>\nC&rsquo;\u00e9tait surtout totalement faux.<\/p>\n<p><strong>Charles<\/strong><br \/>\nVoyons, \u00e7a n&rsquo;avait rien de personnel. Sans compter que l&rsquo;\u00e9gocentrisme est aux chefs ce que la prise de poids est aux femmes sous anti-psychotiques : un mal n\u00e9cessaire.<br \/>\n<strong><br \/>\nGilles<\/strong><br \/>\nJe ne suis pas le chef.<\/p>\n<p><strong>Fran\u00e7oise<\/strong><br \/>\nJe ne suis pas psychotique.<\/p>\n<p><strong>L\u00e9onore<\/strong><br \/>\nJe ne suis pas grosse.<\/p>\n<p><strong>Charles<\/strong><br \/>\nJe commence \u00e0 \u00eatre fatigu\u00e9.<\/p>\n<p><strong>Gilles<\/strong><br \/>\nVous voulez qu&rsquo;on fasse demi-tour, en fait. C&rsquo;est \u00e7a que vous voulez ? Parce que si on prend par l\u00e0, \u00e7a revient \u00e0 faire demi tour.<\/p>\n<p><strong>Charles<\/strong><br \/>\nCa va de soi.<\/p>\n<p><strong>Gilles<\/strong><br \/>\nC&rsquo;est juste pour m&#8217;emmerder.<\/p>\n<p><strong>Charles<\/strong><br \/>\nCa aurait \u00e9t\u00e9 avec plaisir, mais compte tenu de la situation nous avons, h\u00e9las, d&rsquo;autres priorit\u00e9s. A force de passer aux m\u00eames endroits on va finir par tailler un crop circle dans les feuillages et \u00e0 terme se faire rep\u00e9rer.<\/p>\n<p><strong>L\u00e9onore<\/strong><br \/>\nC&rsquo;est quoi un crop circle ?<br \/>\n<strong><br \/>\nFran\u00e7oise<\/strong><br \/>\nCa n&rsquo;existe pas ma ch\u00e9rie.<\/p>\n<p><strong>Charles<\/strong><br \/>\nFormation g\u00e9n\u00e9ralement circulaire apparaissant au milieu de champ de culture. Les tiges des plantes sont couch\u00e9es, tordues, mais jamais arrach\u00e9es ni ab\u00eem\u00e9es. Elles continuent \u00e0 pousser \u00e0 l&rsquo;horizontale sans se redresser, suivant le mouvement spiral\u00e9 qui leur a \u00e9t\u00e9 impos\u00e9 lors de la formation. Ce mouvement spiral\u00e9 peut se superposer \u00e0 un autre mouvement spiral\u00e9 sur la m\u00eame formation, mais de sens inverse au premier, ce qui a pour effet de tresser \u00e9troitement les plantes entre elles. Le bord des figures est toujours d\u00e9limit\u00e9 d&rsquo;une fa\u00e7on extr\u00eamement nette.<br \/>\n<strong><br \/>\nFran\u00e7oise<\/strong><br \/>\nMais en fait \u00e7a n&rsquo;existe pas. C&rsquo;est pour \u00e7a qu&rsquo;on ne doit pas en faire, parce que sinon ils vont se douter de quelque chose.<br \/>\n<strong><br \/>\nCharles<\/strong><br \/>\nMais bien s\u00fbr que si, \u00e7a existe.<\/p>\n<p><strong>Fran\u00e7oise<\/strong><br \/>\nPhysiquement oui. Pour le reste c&rsquo;est des mensonges. Y a rien ailleurs, et encore moins la v\u00e9rit\u00e9.<\/p>\n<p><strong>Charles<\/strong><br \/>\nAutant dire partout.<\/p>\n<p><strong>Fran\u00e7oise<\/strong><br \/>\nVoil\u00e0, partout. Partout y a rien, le rien du rien en fait c&rsquo;est \u00e7a la v\u00e9rit\u00e9.<\/p>\n<p><strong>L\u00e9onore<\/strong><br \/>\nMoi le rien du rien \u00e7a me fout la trouille.<\/p>\n<p><strong>Fran\u00e7oise<\/strong><br \/>\nAlors que \u00e7a existe ou pas le qui du quoi des crop circle, on ne doit surtout pas en faire, L\u00e9onore. Et pour \u00e7a il faut arr\u00eater de tourner en rond et prendre au plus vite vers le Sud. On va rebrousser chemin, mais pour mieux bifurquer. Tu comprends ?<\/p>\n<p><strong>L\u00e9onore<\/strong><br \/>\nOui. Bah alors on y va.<\/p>\n<p><strong>Gilles<\/strong><br \/>\nIl est hors de question que je revienne sur mes pas.<\/p>\n<p><strong>Charles<\/strong><br \/>\nPour revenir sur vos pas il suffit de parcourir un cercle de quinze kilom\u00e8tres de circonf\u00e9rence, en boucle et \u00e0 reculons pendant une bonne dizaine de jours. Ca n&#8217;emmerderait pas que vous et \u00e7a ne m\u00e8nerait \u00e0 rien, je vous l&rsquo;accorde.<br \/>\nIl faut retourner au dernier croisement, descendre la pente et remonter vers le Sud une fois de l&rsquo;autre c\u00f4t\u00e9. Mais si \u00e7a ne vous convient pas, Gilles, vous \u00eates libre de continuer seul selon votre id\u00e9e.<\/p>\n<p><strong>Fran\u00e7oise<\/strong><br \/>\nAvant que je range la gourde, plus personne ne veut de l&rsquo;eau ?<\/p>\n<p><em>Fran\u00e7oise range les affaires, chacun reprend son sac et repart.<\/em><\/p>\n<p><strong>L\u00e9onore<\/strong><br \/>\nLes branches vont encore me griffer, elles sont plus grandes, beaucoup plus grandes.<\/p>\n<p><strong>Fran\u00e7oise<\/strong><br \/>\nPas plus qu&rsquo;ailleurs, L\u00e9onore. Elles sont grandes comme partout, tu te fais des id\u00e9es.<\/p>\n<p><strong>L\u00e9onore<\/strong><br \/>\nMais si regarde, l\u00e0, c&rsquo;est des arbres qui piquent, les pires, les presque bleus. Leurs branches sont tellement grandes qu&rsquo;elles tra\u00eenent par terre et qu&rsquo;on est oblig\u00e9 de ramper.<\/p>\n<p><strong>Fran\u00e7oise<\/strong><br \/>\nEt bien on rampera.<\/p>\n<p><strong>L\u00e9onore<\/strong><br \/>\nJ&rsquo;ai trop de cro\u00fbtes sur les genoux.<\/p>\n<p><strong>Fran\u00e7oise<\/strong><br \/>\nT&rsquo;as eu le temps de cicatriser.<\/p>\n<p><strong>L\u00e9onore<\/strong><br \/>\nJ&rsquo;ai pas parl\u00e9 de la cuisse, je t&rsquo;ai dit sur les genoux.<\/p>\n<p><strong>Fran\u00e7oise<\/strong><br \/>\nC&rsquo;est pas un peu de terre qui va te filer la gangr\u00e8ne, va.<\/p>\n<p><strong>L\u00e9onore<\/strong><br \/>\nMais Fran\u00e7oise je t&rsquo;assure, quand j&rsquo;appuie y a du jaune qui coule, je peux pas \u2026<\/p>\n<p><strong>Fran\u00e7oise<\/strong><br \/>\nT&rsquo;as qu&rsquo;\u00e0 te refaire un bandage.<\/p>\n<p><strong>L\u00e9onore<\/strong><br \/>\nJ&rsquo;ai plus de tissus.<\/p>\n<p><strong>Fran\u00e7oise<\/strong><br \/>\nArrache-toi une manche.<\/p>\n<p><strong>L\u00e9onore<\/strong><br \/>\nJ&rsquo;ai trop froid.<\/p>\n<p><strong>Fran\u00e7oise<\/strong><br \/>\nAlors vas pas te plaindre apr\u00e8s.<\/p>\n<p><em>La marche se poursuit silencieusement.<\/em><\/p>\n","protected":false},"excerpt":{"rendered":"<p>Editions \u00e8\u00aee, octobre 2007. &nbsp; Ils sont quatre. Deux hommes, deux femmes. La for\u00eat est \u00e9paisse, les points cardinaux indistincts. Ils cherchent le Sud mais ignorent ce qu&rsquo;ils fuient autant que ce qu&rsquo;ils sont. Ils effectuent la Transhumance. Et en &hellip; <a href=\"https:\/\/chloedelaume.net\/?page_id=275\">Continuer la lecture <span class=\"meta-nav\">&rarr;<\/span><\/a><\/p>\n","protected":false},"author":2,"featured_media":0,"parent":111,"menu_order":0,"comment_status":"closed","ping_status":"open","template":"","meta":{"jetpack_post_was_ever_published":false,"footnotes":""},"class_list":["post-275","page","type-page","status-publish","hentry"],"jetpack_sharing_enabled":true,"jetpack_shortlink":"https:\/\/wp.me\/P3Xt8S-4r","_links":{"self":[{"href":"https:\/\/chloedelaume.net\/index.php?rest_route=\/wp\/v2\/pages\/275","targetHints":{"allow":["GET"]}}],"collection":[{"href":"https:\/\/chloedelaume.net\/index.php?rest_route=\/wp\/v2\/pages"}],"about":[{"href":"https:\/\/chloedelaume.net\/index.php?rest_route=\/wp\/v2\/types\/page"}],"author":[{"embeddable":true,"href":"https:\/\/chloedelaume.net\/index.php?rest_route=\/wp\/v2\/users\/2"}],"replies":[{"embeddable":true,"href":"https:\/\/chloedelaume.net\/index.php?rest_route=%2Fwp%2Fv2%2Fcomments&post=275"}],"version-history":[{"count":9,"href":"https:\/\/chloedelaume.net\/index.php?rest_route=\/wp\/v2\/pages\/275\/revisions"}],"predecessor-version":[{"id":4584,"href":"https:\/\/chloedelaume.net\/index.php?rest_route=\/wp\/v2\/pages\/275\/revisions\/4584"}],"up":[{"embeddable":true,"href":"https:\/\/chloedelaume.net\/index.php?rest_route=\/wp\/v2\/pages\/111"}],"wp:attachment":[{"href":"https:\/\/chloedelaume.net\/index.php?rest_route=%2Fwp%2Fv2%2Fmedia&parent=275"}],"curies":[{"name":"wp","href":"https:\/\/api.w.org\/{rel}","templated":true}]}}