{"id":262,"date":"2012-12-12T01:50:32","date_gmt":"2012-12-12T00:50:32","guid":{"rendered":"http:\/\/wp.chloedelaume.r3zo.net\/?page_id=262"},"modified":"2013-09-17T18:42:59","modified_gmt":"2013-09-17T16:42:59","slug":"262-2","status":"publish","type":"page","link":"https:\/\/chloedelaume.net\/?page_id=262","title":{"rendered":"Eden matin midi et soir"},"content":{"rendered":"<p>Joca Seria, m<span style=\"font-size: 14px;\">ars 2009.<\/span><\/p>\n<p><img loading=\"lazy\" decoding=\"async\" class=\"size-full wp-image-2151 alignleft\" style=\"color: #333333; font-style: normal; line-height: 24px; margin-top: 0.4em; text-align: justify;\" title=\"Eden\" src=\"http:\/\/wp.chloedelaume.r3zo.net\/wp-content\/uploads\/2012\/12\/9782848091068FS.gif\" alt=\"\" width=\"349\" height=\"475\" srcset=\"https:\/\/chloedelaume.net\/wp-content\/uploads\/2012\/12\/9782848091068FS.gif 349w, https:\/\/chloedelaume.net\/wp-content\/uploads\/2012\/12\/9782848091068FS-220x300.gif 220w\" sizes=\"auto, (max-width: 349px) 100vw, 349px\" \/><\/p>\n<p style=\"text-align: justify;\">Thanatopathie [tanatopati] n.\u00a0f.\u00a0\u2013 du grec thanatos, la mort, et de pathos, ce dont on souffre. C\u2019est ainsi qu\u2019Ad\u00e8le a nomm\u00e9 le mal qui la ronge, un mal qui la rend inapte \u00e0 la vie.<\/p>\n<p style=\"text-align: justify;\">Durant cinquante minutes, elle explore chaque recoin de sa pathologie, avec l\u2019humour de ceux au-del\u00e0 du d\u00e9sespoir.<\/p>\n<p style=\"text-align: justify;\">Cinquante minutes, c\u2019est le temps moyen qui s\u00e9pare deux suicides en France.<\/p>\n<p style=\"text-align: justify;\">Ecrit pour la com\u00e9dienne Anne Steffens, ce monoloque a \u00e9t\u00e9 mis en sc\u00e8ne par Hauke Lanz lors de sa cr\u00e9ation en 2009 \u00e0 la M\u00e9nagerie de Verre, dans le cadre du \u00a0Festival Etrange Cargo.<\/p>\n<p style=\"text-align: justify;\">Une adaptation radiophonique, r\u00e9alis\u00e9e par Alexandre Plank l&rsquo;ann\u00e9e suivante, a \u00e9t\u00e9 diffus\u00e9e sur France Culture \u00e0 plusieurs reprises.<\/p>\n<p style=\"text-align: justify;\">Anne Steffens et Chlo\u00e9 Delaume ont par la suite pr\u00e9sent\u00e9 ce texte sous une forme performative, notamment au FRAC Lorraine en 2011.<\/p>\n<p style=\"text-align: justify;\">La couverture et les illustrations de l&rsquo;ouvrage sont de Fran\u00e7ois Alary.<\/p>\n<p><br\/<<\/p>\n<p style=\"text-align: justify;\"><strong>Premi\u00e8res pages<\/strong><\/p>\n<div id=\"bloc-extrait-livre\">\n<p style=\"text-align: justify;\">Hier soir, j&rsquo;ai vot\u00e9 la mort. Je me suis longuement concert\u00e9e et dedans on \u00e9tait d&rsquo;accord, toutes d&rsquo;accord, pour une fois. La mort et qu&rsquo;on n&rsquo;en parle plus. Qu&rsquo;on ne parle plus de moi et qu&rsquo;on ne parle plus tout court. Je n&rsquo;en peux plus que \u00e7a parle autant \u00e0 l&rsquo;int\u00e9rieur, \u00e7a charrie des migraines, \u00e7a ne s&rsquo;arr\u00eate jamais, sauf pendant mon sommeil, tout du moins je pr\u00e9sume. Il est possible que ce soit pire, je n&rsquo;ai jamais pu v\u00e9rifier.<\/p>\n<p style=\"text-align: justify;\">Je n&rsquo;aime pas tellement dormir, c&rsquo;est \u00e0 cause des cauchemars, je les connais par c\u0153ur, il n&rsquo;y a jamais de surprise. Les m\u00eames murs, les m\u00eames ombres, les mouches qui font des grappes \u00e0 noircir le papier peint. Mon c\u0153ur qui ne bat plus mais qui repose quand m\u00eame dans ma cage thoracique, lourd, mon c\u0153ur, tellement lourd, boule de viande avari\u00e9e. Je finis toujours face au miroir en train de me d\u00e9composer.<\/p>\n<p style=\"text-align: justify;\">Laide, tu es je suis laide en charogne. La chair est d\u00e9prav\u00e9e, d\u00e9liquescence sillons. L&rsquo;\u0153il droit pend, le nerf frotte. Un nouvel angle de vue, plus bas, toujours plus bas. Il y a toujours du vrai aux reflets d\u00e9formants.<\/p>\n<p style=\"text-align: justify;\">J&rsquo;ai des cachets pour me faire taire, \u00e7a n&rsquo;a jamais rien r\u00e9solu. Quand je ne m&rsquo;entends pas, je ne jouis pas du silence, je me retrouve toute seule, je ne sais plus quoi faire, je ne suis pas faite pour faire, si \u00e7a se trouve \u00e7a arrive. Il y a des gens pour faire et d&rsquo;autres faits pour rien. Je dois \u00eatre de ceux-l\u00e0. Model\u00e9e antimati\u00e8re.<\/p>\n<p style=\"text-align: justify;\">Vide, tu es je suis vide. L&rsquo;esprit en appel d&rsquo;air, organes fantoches et c\u0153ur aride. Une \u00e2me st\u00e9rile, une voix de pierre. Des cailloux plein la bouche, des crachats de silex. Mais aucune \u00e9tincelle n&rsquo;affleure aux commissures, aucune, jamais.<\/p>\n<p style=\"text-align: justify;\">Le moindre geste j&rsquo;ignore lequel, lequel effectuer et comment. La spontan\u00e9it\u00e9 : une donn\u00e9e \u00e9trang\u00e8re, parfaitement \u00e9trang\u00e8re, toujours des pourparlers et ensuite j&rsquo;ex\u00e9cute. Ma voix est coll\u00e9giale, elle \u00e9clot par ma bouche. Parfois je r\u00e9alise que je ne suis que le corps, le corps d&rsquo;Ad\u00e8le Trousseau, 28 ans, 48 kilos. Peut-\u00eatre sa conscience aussi. Une conscience fragment\u00e9e, mais sa conscience quand m\u00eame. Qui \u00e0 chaque seconde recense tous ses choix en autant de possibles qui s&rsquo;expriment et s&rsquo;incarnent et se d\u00e9multiplient.<\/p>\n<p style=\"text-align: justify;\">Pesante, tu es je suis pesante. C&rsquo;est \u00e0 peine si je peux encore me d\u00e9placer. Alourdie d&rsquo;un n\u00e9ant qui me colle aux muqueuses, c&rsquo;est \u00e0 peine si je peux moi-m\u00eame me supporter. Tu geins non je ne geins pas, je r\u00e9fl\u00e9chis. Tu geins tu ne sais faire que \u00e7a ne nous \u00e9nervons pas ce n&rsquo;est pas le moment de se laisser aller.<\/p>\n<div style=\"text-align: justify;\"><\/div>\n<\/div>\n","protected":false},"excerpt":{"rendered":"<p>Joca Seria, mars 2009. Thanatopathie [tanatopati] n.\u00a0f.\u00a0\u2013 du grec thanatos, la mort, et de pathos, ce dont on souffre. C\u2019est ainsi qu\u2019Ad\u00e8le a nomm\u00e9 le mal qui la ronge, un mal qui la rend inapte \u00e0 la vie. Durant cinquante &hellip; <a href=\"https:\/\/chloedelaume.net\/?page_id=262\">Continuer la lecture <span class=\"meta-nav\">&rarr;<\/span><\/a><\/p>\n","protected":false},"author":2,"featured_media":0,"parent":111,"menu_order":0,"comment_status":"closed","ping_status":"open","template":"","meta":{"jetpack_post_was_ever_published":false,"footnotes":""},"class_list":["post-262","page","type-page","status-publish","hentry"],"jetpack_sharing_enabled":true,"jetpack_shortlink":"https:\/\/wp.me\/P3Xt8S-4e","_links":{"self":[{"href":"https:\/\/chloedelaume.net\/index.php?rest_route=\/wp\/v2\/pages\/262","targetHints":{"allow":["GET"]}}],"collection":[{"href":"https:\/\/chloedelaume.net\/index.php?rest_route=\/wp\/v2\/pages"}],"about":[{"href":"https:\/\/chloedelaume.net\/index.php?rest_route=\/wp\/v2\/types\/page"}],"author":[{"embeddable":true,"href":"https:\/\/chloedelaume.net\/index.php?rest_route=\/wp\/v2\/users\/2"}],"replies":[{"embeddable":true,"href":"https:\/\/chloedelaume.net\/index.php?rest_route=%2Fwp%2Fv2%2Fcomments&post=262"}],"version-history":[{"count":14,"href":"https:\/\/chloedelaume.net\/index.php?rest_route=\/wp\/v2\/pages\/262\/revisions"}],"predecessor-version":[{"id":404,"href":"https:\/\/chloedelaume.net\/index.php?rest_route=\/wp\/v2\/pages\/262\/revisions\/404"}],"up":[{"embeddable":true,"href":"https:\/\/chloedelaume.net\/index.php?rest_route=\/wp\/v2\/pages\/111"}],"wp:attachment":[{"href":"https:\/\/chloedelaume.net\/index.php?rest_route=%2Fwp%2Fv2%2Fmedia&parent=262"}],"curies":[{"name":"wp","href":"https:\/\/api.w.org\/{rel}","templated":true}]}}