{"id":1966,"date":"2013-09-17T11:49:34","date_gmt":"2013-09-17T09:49:34","guid":{"rendered":"http:\/\/wp.chloedelaume.r3zo.net\/?page_id=1966"},"modified":"2015-07-06T11:34:05","modified_gmt":"2015-07-06T09:34:05","slug":"ou-le-sang-nous-appelle","status":"publish","type":"page","link":"https:\/\/chloedelaume.net\/?page_id=1966","title":{"rendered":"O\u00f9 le sang nous appelle"},"content":{"rendered":"<p style=\"text-align: justify;\"><a href=\"http:\/\/www.fictionetcie.com\/\" target=\"_blank\">Fiction &amp; Cie<\/a>\u00a0, <a href=\"http:\/\/www.fictionetcie.com\/\" target=\"_blank\">Editions du Seuil<\/a>, septembre 2013. Ecrit avec <a href=\"http:\/\/www.arretsurimages.net\/\" target=\"_blank\">Daniel Schneidermann<\/a>.<\/p>\n<p>&nbsp;<\/p>\n<p style=\"text-align: justify;\"><img loading=\"lazy\" decoding=\"async\" class=\"size-full wp-image-2207 alignleft\" title=\"O\u00f9 le sang nous appelle\" src=\"http:\/\/wp.chloedelaume.r3zo.net\/wp-content\/uploads\/2013\/09\/97820210846961.gif\" alt=\"\" width=\"108\" height=\"158\" \/>Il est journaliste, elle est \u00e9crivain. Elle ne veut pas d\u2019enfant, lui en a d\u00e9j\u00e0 trois : ils feront un roman. Deux c\u0153urs de pierre partagent leurs \u00e9boulements, et suivent les appels du sang.<\/p>\n<p style=\"text-align: justify;\">Leur \u00e9t\u00e9 2012 se passera au Liban, \u00e0 Kobayat, tout pr\u00e8s de la fronti\u00e8re syrienne. Il l\u2019accompagnera dans ce village maronite, au creux des montagnes, o\u00f9 elle a v\u00e9cu ses cinq premi\u00e8res ann\u00e9es, o\u00f9 est n\u00e9 et enterr\u00e9 son p\u00e8re, o\u00f9 survivent ses oncles, ses tantes, le clan Abdallah.<\/p>\n<p style=\"text-align: justify;\">Ils seront tous l\u00e0 sauf l\u2019oncle Georges. Georges Ibrahim Abdallah, chef pr\u00e9sum\u00e9 des Fractions Arm\u00e9es R\u00e9volutionnaires Libanaises, condamn\u00e9 \u00e0 perp\u00e9tuit\u00e9 pour actes terroristes, incarc\u00e9r\u00e9 en France depuis vingt-huit ans. Toutes les familles ont leurs secrets et leurs drames. Celle-ci plus que d\u2019autres.<\/p>\n<p style=\"text-align: justify;\">Daniel Schneidermann \u00e9tait tout jeune p\u00e8re et grand reporter au Monde quand la France fut ensanglant\u00e9e par une s\u00e9rie d\u2019attentats, dans les ann\u00e9es 1985-1987. Chlo\u00e9 Delaume vivait au c\u0153ur d\u2019une trag\u00e9die qui est au fondement de son \u0153uvre. Leur rencontre et leur relation les fait plonger dans ces ann\u00e9es sombres, dans une interrogation de soi-m\u00eame mais aussi les enjeux pour le moins obscurs de l\u2019\u00e9poque.<\/p>\n<p style=\"text-align: justify;\">En amoureux d\u2019\u00e9criture, ils se posent toutes les questions possibles, sans toujours trouver des r\u00e9ponses. Ils se confrontent \u00e0 leur pass\u00e9, sans concession, avec po\u00e9sie et humour.<\/p>\n","protected":false},"excerpt":{"rendered":"<p>Fiction &amp; Cie\u00a0, Editions du Seuil, septembre 2013. Ecrit avec Daniel Schneidermann. &nbsp; Il est journaliste, elle est \u00e9crivain. Elle ne veut pas d\u2019enfant, lui en a d\u00e9j\u00e0 trois : ils feront un roman. Deux c\u0153urs de pierre partagent leurs &hellip; <a href=\"https:\/\/chloedelaume.net\/?page_id=1966\">Continuer la lecture <span class=\"meta-nav\">&rarr;<\/span><\/a><\/p>\n","protected":false},"author":2,"featured_media":0,"parent":111,"menu_order":0,"comment_status":"closed","ping_status":"open","template":"","meta":{"jetpack_post_was_ever_published":false,"footnotes":""},"class_list":["post-1966","page","type-page","status-publish","hentry"],"jetpack_sharing_enabled":true,"jetpack_shortlink":"https:\/\/wp.me\/P3Xt8S-vI","_links":{"self":[{"href":"https:\/\/chloedelaume.net\/index.php?rest_route=\/wp\/v2\/pages\/1966","targetHints":{"allow":["GET"]}}],"collection":[{"href":"https:\/\/chloedelaume.net\/index.php?rest_route=\/wp\/v2\/pages"}],"about":[{"href":"https:\/\/chloedelaume.net\/index.php?rest_route=\/wp\/v2\/types\/page"}],"author":[{"embeddable":true,"href":"https:\/\/chloedelaume.net\/index.php?rest_route=\/wp\/v2\/users\/2"}],"replies":[{"embeddable":true,"href":"https:\/\/chloedelaume.net\/index.php?rest_route=%2Fwp%2Fv2%2Fcomments&post=1966"}],"version-history":[{"count":12,"href":"https:\/\/chloedelaume.net\/index.php?rest_route=\/wp\/v2\/pages\/1966\/revisions"}],"predecessor-version":[{"id":4581,"href":"https:\/\/chloedelaume.net\/index.php?rest_route=\/wp\/v2\/pages\/1966\/revisions\/4581"}],"up":[{"embeddable":true,"href":"https:\/\/chloedelaume.net\/index.php?rest_route=\/wp\/v2\/pages\/111"}],"wp:attachment":[{"href":"https:\/\/chloedelaume.net\/index.php?rest_route=%2Fwp%2Fv2%2Fmedia&parent=1966"}],"curies":[{"name":"wp","href":"https:\/\/api.w.org\/{rel}","templated":true}]}}