{"id":111,"date":"2012-10-03T11:35:16","date_gmt":"2012-10-03T09:35:16","guid":{"rendered":"http:\/\/wp.chloedelaume.r3zo.net\/?page_id=111"},"modified":"2023-05-05T06:02:15","modified_gmt":"2023-05-05T04:02:15","slug":"livres-2","status":"publish","type":"page","link":"https:\/\/chloedelaume.net\/?page_id=111","title":{"rendered":""},"content":{"rendered":"<p><a href=\"http:\/\/chloedelaume.net\/?page_id=5720\" target=\"_blank\" rel=\"noopener noreferrer\"><em><b>Le c\u0153ur synth\u00e9tique<\/b><\/em><\/a> &#8211; Roman &#8211; Collection Fiction &amp; Cie &#8211; Editions du Seuil &#8211; 2020 &#8211; #com\u00e9die #loosesentimentale #PrixM\u00e9dicis2020<\/p>\n<p><a href=\"http:\/\/chloedelaume.net\/?page_id=5696\" target=\"_blank\" rel=\"noopener noreferrer\"><em><b>Mes bien ch\u00e8res\u00a0<\/b><\/em><b><i>s\u0153urs <\/i><\/b><\/a>&#8211; Lettre ouverte &#8211; Collection Fiction &amp; Cie &#8211; Editions du Seuil &#8211; 2019 &#8211; #Sororit\u00e9<\/p>\n<p style=\"text-align: justify;\"><a href=\"http:\/\/www.chloedelaume.net\/?page_id=5004\" target=\"_blank\" rel=\"noopener noreferrer\"><strong><em>Les sorci\u00e8res de la R\u00e9publique <\/em><\/strong><\/a>&#8211; Roman &#8211; CollectionFiction &amp; Cie &#8211; Editions du Seuil &#8211; 2016 &#8211; #Dystopie #Magie&amp;Politique #Sororit\u00e9Powah<\/p>\n<p style=\"text-align: center;\">\n<p style=\"text-align: justify;\">\n<p style=\"text-align: justify;\"><em><a href=\"http:\/\/www.chloedelaume.net\/?page_id=4596\" target=\"_blank\" rel=\"noopener noreferrer\"><strong>Alienare<\/strong>\u00a0<\/a>&#8211;\u00a0<\/em>Texte de Chlo\u00e9 Delaume &#8211; Animations &amp; vid\u00e9os de\u00a0<a href=\"http:\/\/www.franckdion.net\/\" target=\"_blank\" rel=\"noopener noreferrer\">Franck Dion<\/a> &#8211; Cr\u00e9ation sonore de Sophie Couronne. Fiction sous forme d&rsquo;appli &#8211; Editions du Seuil &#8211; 2015 &#8211; #FictionNum\u00e9rique<\/p>\n<p style=\"text-align: center;\">\n<p><strong><em><a href=\"http:\/\/www.chloedelaume.net\/?page_id=4564\" target=\"_blank\" rel=\"noopener noreferrer\">Vous aimez beaucoup voyager<\/a><\/em><\/strong>\u00a0&#8211; Avec Oph\u00e9lie Klere &amp; Fran\u00e7ois Alary &#8211; Les \u00e9ditions du cimeti\u00e8re\u00a0&#8211;\u00a02015 &#8211; #Dessins #Po\u00e9sie #L\u00e9gendes #D\u00e9vast\u00e9e<\/p>\n<p style=\"text-align: center;\">\n<p><strong><em><a href=\"http:\/\/www.chloedelaume.net\/?page_id=1966\" target=\"_blank\" rel=\"noopener noreferrer\">O\u00f9 le sang nous appelle<\/a><\/em><\/strong> &#8211; \u00a0Avec Daniel Schneidermann &#8211; Collection Fiction &amp; Cie &#8211; Editions du Seuil &#8211; 2013 &#8211; #Roman #Autofiction #Ecriture\u00e04mains #Liban #Findecycle<\/p>\n<p style=\"text-align: center;\">\n<p><strong><em><a href=\"http:\/\/www.chloedelaume.net\/?page_id=319\" target=\"_blank\" rel=\"noopener noreferrer\">Perceptions<\/a><\/em>\u00a0&#8211;<\/strong> Avec Fran\u00e7ois Alary &amp; Oph\u00e9lie Klere &#8211; Editions Joca Seria &#8211; 2013 &#8211; #R\u00e9cit fragmentaire #Dessins #Po\u00e9sie #D\u00e9vast\u00e9eSS13<\/p>\n<p style=\"text-align: center;\">\n<p style=\"text-align: left;\"><strong><em><a href=\"http:\/\/www.chloedelaume.net\/?page_id=195\" target=\"_blank\" rel=\"noopener noreferrer\">Une femme avec personne dedans<\/a><\/em><\/strong> &#8211; Collection Fiction &amp; Cie &#8211; Editions du Seuil &#8211; 2012 &#8211; Points Seuil 2014 &#8211; #Roman #Autofiction #Nullipare<\/p>\n<p style=\"text-align: center;\">\n<p style=\"text-align: justify;\"><strong><em><a href=\"http:\/\/www.chloedelaume.net\/?page_id=238\" target=\"_blank\" rel=\"noopener noreferrer\">Le deuil des deux syllabes<\/a><\/em> <\/strong>&#8211;\u00a0Editions l&rsquo;Une &amp; l&rsquo;autre &#8211; 2011 &#8211; #CourtR\u00e9cit \u00a0#Autofiction \u00a0#LemotMaman<\/p>\n<p style=\"text-align: center;\">\n<p style=\"text-align: justify;\"><strong><em><a href=\"http:\/\/www.chloedelaume.net\/?page_id=247\" target=\"_blank\" rel=\"noopener noreferrer\">La r\u00e8gle du Je<\/a><\/em> <\/strong>&#8211; Collection Travaux Pratiques &#8211; PUF &#8211; 2010 &#8211; #Essai \u00a0#Autofictionenquestion<\/p>\n<p style=\"text-align: center;\">\n<p><strong><a href=\"http:\/\/www.chloedelaume.net\/?page_id=255\"><em>Au commencement \u00e9tait l&rsquo;adverbe<\/em> + <em>Le retour de Charlie Orphan<\/em><\/a><\/strong> &#8211; Editions Joca Seria &#8211; 2010 &#8211; #Th\u00e9\u00e2tre #Autonomisationdespersonnagesdefiction<\/p>\n<p><strong><em><a href=\"http:\/\/www.chloedelaume.net\/?page_id=259\" target=\"_blank\" rel=\"noopener noreferrer\">Narcisse et ses aiguilles<\/a><\/em><\/strong> -Editions l&rsquo;Une &amp; l&rsquo;autre &#8211; 2009 &#8211; #R\u00e9cit #Autofiction #Stiletto #Episodemaniaque<\/p>\n<p style=\"text-align: center;\">\n<p style=\"text-align: justify;\"><strong><em><a href=\"http:\/\/www.chloedelaume.net\/?page_id=262\" target=\"_blank\" rel=\"noopener noreferrer\">Eden matin midi et soir<\/a><\/em> <\/strong>&#8211; Editions Joca Seria &#8211; 2009 &#8211; #Th\u00e9\u00e2tre \u00a0#Monologue \u00a0#Thanatopathie<\/p>\n<p style=\"text-align: center;\">\n<p style=\"text-align: justify;\"><strong><a href=\"http:\/\/www.chloedelaume.net\/?page_id=269\" target=\"_blank\" rel=\"noopener noreferrer\"><em>Dans ma maison sous terre<\/em> <\/a><\/strong>&#8211; Collection Fiction &amp; Cie &#8211; Editions du Seuil &#8211; 2009- #Roman #Autofiction #Magie noire <a href=\"https:\/\/soundcloud.com\/chlo-delaume\/sets\/dans-ma-maison-sous-terre\" target=\"_blank\" rel=\"noopener noreferrer\">#BO<\/a><\/p>\n<p style=\"text-align: center;\">\n<p><strong><em><a href=\"http:\/\/librairie.publie.net\/fr\/ebook\/9782814501522\/s-ecrire-mode-d-emploi\">S&rsquo;\u00e9crire, mode d&#8217;emploi<\/a><\/em> <\/strong>&#8211; <a href=\"http:\/\/www.publie.net\/\">publie.net<\/a> &#8211; 2008 &#8211; #Autofiction #Conf\u00e9rence #ColloquedeCerisy<\/p>\n<p style=\"text-align: center;\">\n<p><strong><em><a href=\"http:\/\/www.chloedelaume.net\/?page_id=278\" target=\"_blank\" rel=\"noopener noreferrer\">La derni\u00e8re fille avant la guerre<\/a><\/em> <\/strong>&#8211; Editions Na\u00efve &#8211; 2007 &#8211; #Roman #Autofiction #Indochine #Adolescence #houhou<\/p>\n<p style=\"text-align: justify;\"><strong><em><a href=\"http:\/\/www.chloedelaume.net\/?page_id=275\" target=\"_blank\" rel=\"noopener noreferrer\">Transhumances<\/a><\/em><\/strong> &#8211;\u00a0Editions \u00e8\u00aee &#8211; 2007 &#8211; #Th\u00e9\u00e2tre #FictionRadiophonique #Anticipation #Recyclage<\/p>\n<p style=\"text-align: center;\">\n<p style=\"text-align: justify;\"><strong><em><a href=\"http:\/\/www.chloedelaume.net\/?page_id=282\" target=\"_blank\" rel=\"noopener noreferrer\">Chanson de geste &amp; Opinions<\/a><\/em> <\/strong>&#8211; Mac\/Val &#8211; 2007 &#8211; #PascalPinaudPeintre #FableP\u00e9dagogique #M\u00e9thodeQueneau<\/p>\n<p style=\"text-align: center;\">\n<p><strong><em><a href=\"http:\/\/www.chloedelaume.net\/?page_id=272\" target=\"_blank\" rel=\"noopener noreferrer\">La nuit je suis Buffy Summers<\/a><\/em><\/strong> &#8211; Editions \u00e8\u00aee &#8211; 2007 &#8211; Editions JOU 2020 #Livredontvous\u00eatesleh\u00e9ros #FanFiction #BuffyS6E17<\/p>\n<p style=\"text-align: justify;\"><strong><em>Fiscal Paradize Digest<\/em><\/strong> &#8211; Avec Fran\u00e7ois Curlet &#8211; 2007 &#8211; #ArtContemporain #EvasionFiscale #GuideParodique<\/p>\n<p style=\"text-align: center;\">\n<p style=\"text-align: justify;\"><strong><em><a href=\"http:\/\/www.chloedelaume.net\/?page_id=285\" target=\"_blank\" rel=\"noopener noreferrer\">J&rsquo;habite dans la t\u00e9l\u00e9vision<\/a><\/em> <\/strong>&#8211; Editions Verticales &#8211; 2006 &#8211; J&rsquo;ai lu &#8211; 2008 &#8211; #Roman #Autofiction #Exp\u00e9riencearchilimite #TempsdeCerveauDisponible<\/p>\n<p style=\"text-align: justify;\"><strong><em><a href=\"http:\/\/www.chloedelaume.net\/?page_id=288\" target=\"_blank\" rel=\"noopener noreferrer\">Les juins ont tous la m\u00eame peau<\/a><\/em><\/strong> &#8211; La Chasse au Snarck &#8211; 2005 &#8211; Points Seuil 2009\u00a0 #Roman #Autofiction #BorisVian #Etsoudainlalitt\u00e9rature<\/p>\n<p style=\"text-align: justify;\"><strong><em><a href=\"http:\/\/www.chloedelaume.net\/?page_id=291\" target=\"_blank\" rel=\"noopener noreferrer\">Certainement pas<\/a><\/em> <\/strong>&#8211; Verticales &#8211; 2004 &#8211; #Roman #Cluedo #Lejouro\u00f9chacunabascul\u00e9 #Autofictionaussimaisdiscr\u00e8tement<\/p>\n<p><strong><em><a href=\"http:\/\/www.chloedelaume.net\/?page_id=294\" target=\"_blank\" rel=\"noopener noreferrer\">Corpus Simsi<\/a><\/em> <\/strong>&#8211; Editions L\u00e9o Scheer &#8211; 2003 &#8211; #Texte&amp;Images #JeuVid\u00e9o #Autofiction<\/p>\n<p style=\"text-align: center;\">\n<p style=\"text-align: justify;\"><strong><em><a href=\"http:\/\/www.chloedelaume.net\/?page_id=298\" target=\"_blank\" rel=\"noopener noreferrer\">Monologue pour \u00e9pluchures d&rsquo;Atrides<\/a><\/em> <\/strong>&#8211; CIPM &#8211; 2003 -#Po\u00e9sie\u00a0#Autofiction #EnR\u00e9sidence<\/p>\n<p style=\"text-align: center;\">\n<p style=\"text-align: justify;\"><strong><em><a href=\"http:\/\/www.chloedelaume.net\/?page_id=301\" target=\"_blank\" rel=\"noopener noreferrer\">La Vanit\u00e9 des Somnambules<\/a><\/em> <\/strong>&#8211; Farrago \/ L\u00e9o Scheer &#8211; 2003 &#8211; #Roman #Autofiction #R\u00e9cit\u00e9nia<\/p>\n<p><strong><em><a href=\"http:\/\/www.chloedelaume.net\/?page_id=304\" target=\"_blank\" rel=\"noopener noreferrer\">Mes week-ends sont pires que les v\u00f4tres<\/a><\/em> <\/strong>&#8211; Editions N\u00e9ant &#8211; 2001 &#8211; #R\u00e9cit #Autofiction #Lilith<\/p>\n<p style=\"text-align: justify;\"><strong><em><a href=\"http:\/\/www.chloedelaume.net\/?page_id=307\" target=\"_blank\" rel=\"noopener noreferrer\">Le Cri du Sablier<\/a><\/em><\/strong> &#8211; Farrago \/ L\u00e9o Scheer &#8211; 2001 &#8211; Folio 2002 &#8211; Prix D\u00e9cembre 2001 &#8211; #Roman #Autofiction<\/p>\n<p style=\"text-align: center;\">\n<p style=\"text-align: justify;\"><em><strong><a href=\"http:\/\/www.chloedelaume.net\/?page_id=313\" target=\"_blank\" rel=\"noopener noreferrer\">Les Mouflettes d&rsquo;Atropos<\/a><\/strong>\u00a0&#8211; <\/em>Editions\u00a0Farrago &#8211; 2000 &#8211; Folio 2002 &#8211; #PremierRoman #Autofiction<\/p>\n","protected":false},"excerpt":{"rendered":"<p>Le c\u0153ur synth\u00e9tique &#8211; Roman &#8211; Collection Fiction &amp; Cie &#8211; Editions du Seuil &#8211; 2020 &#8211; #com\u00e9die #loosesentimentale #PrixM\u00e9dicis2020 Mes bien ch\u00e8res\u00a0s\u0153urs &#8211; Lettre ouverte &#8211; Collection Fiction &amp; Cie &#8211; Editions du Seuil &#8211; 2019 &#8211; #Sororit\u00e9 Les &hellip; <a href=\"https:\/\/chloedelaume.net\/?page_id=111\">Continuer la lecture <span class=\"meta-nav\">&rarr;<\/span><\/a><\/p>\n","protected":false},"author":2,"featured_media":0,"parent":0,"menu_order":4,"comment_status":"closed","ping_status":"open","template":"","meta":{"jetpack_post_was_ever_published":false,"footnotes":""},"class_list":["post-111","page","type-page","status-publish","hentry"],"jetpack_sharing_enabled":true,"jetpack_shortlink":"https:\/\/wp.me\/P3Xt8S-1N","_links":{"self":[{"href":"https:\/\/chloedelaume.net\/index.php?rest_route=\/wp\/v2\/pages\/111","targetHints":{"allow":["GET"]}}],"collection":[{"href":"https:\/\/chloedelaume.net\/index.php?rest_route=\/wp\/v2\/pages"}],"about":[{"href":"https:\/\/chloedelaume.net\/index.php?rest_route=\/wp\/v2\/types\/page"}],"author":[{"embeddable":true,"href":"https:\/\/chloedelaume.net\/index.php?rest_route=\/wp\/v2\/users\/2"}],"replies":[{"embeddable":true,"href":"https:\/\/chloedelaume.net\/index.php?rest_route=%2Fwp%2Fv2%2Fcomments&post=111"}],"version-history":[{"count":1038,"href":"https:\/\/chloedelaume.net\/index.php?rest_route=\/wp\/v2\/pages\/111\/revisions"}],"predecessor-version":[{"id":6114,"href":"https:\/\/chloedelaume.net\/index.php?rest_route=\/wp\/v2\/pages\/111\/revisions\/6114"}],"wp:attachment":[{"href":"https:\/\/chloedelaume.net\/index.php?rest_route=%2Fwp%2Fv2%2Fmedia&parent=111"}],"curies":[{"name":"wp","href":"https:\/\/api.w.org\/{rel}","templated":true}]}}